{"id":152299,"date":"2025-10-07T16:31:40","date_gmt":"2025-10-07T15:31:40","guid":{"rendered":"https:\/\/bcc.no\/faq\/wie-hat-sich-die-bcc-ausgebreitet\/"},"modified":"2026-08-24T10:24:24","modified_gmt":"2026-08-24T09:24:24","slug":"wie-hat-sich-die-bcc-ausgebreitet","status":"publish","type":"faq","link":"https:\/\/bcc.no\/de\/faq\/wie-hat-sich-die-bcc-ausgebreitet\/","title":{"rendered":"Wie hat sich die BCC ausgebreitet?"},"content":{"rendered":"\n<p class=\"wp-block-paragraph\">Alles begann mit einem einzelnen Mann, der sich zu Gott bekehrte: Johan Oscar Smith. Er sprach mit den Menschen, mit denen er zu tun hatte, \u00fcber seinen Glauben und sein Bibelverst\u00e4ndnis. Nach und nach schlossen sich ihm einige von ihnen an, weil sie dasselbe Sehnen in sich trugen. So entstand geistliche Gemeinschaft und im Laufe der Zeit bildeten sich daraus Gemeinden. Smith war Unteroffizier in der Marine. In dieser Funktion nahm er w\u00e4hrend des Ersten Weltkrieges an der Neutralit\u00e4tswache entlang der norwegischen K\u00fcste teil. Bis heute gibt es dort in vielen St\u00e4dten Gemeinden, die damals bei Landg\u00e4ngen durch ihn entstanden.    <\/p>\n\n<p class=\"wp-block-paragraph\">In den 1920er-Jahren reisten Smith und mehrere Prediger nach D\u00e4nemark und kn\u00fcpften dort neue Kontakte, sp\u00e4ter auch in weiteren Teilen Europas.<\/p>\n\n<p class=\"wp-block-paragraph\">Als im Jahre 1956 Brunstad gekauft wurde, war damit endlich ein fester Ort gefunden, wohin neue Kontakte eingeladen werden konnten. Das trug wesentlich dazu bei, dass die Gemeinschaft internationaler wurde.<\/p>\n\n<p class=\"wp-block-paragraph\">In den folgenden Jahrzehnten etablierten sich Gemeinden auf allen Kontinenten. Ein gro\u00dfer Teil der Mitglieder lebt in Norwegen, wo es 19 Ortsgemeinden gibt. Dar\u00fcber hinaus ist die Glaubensgemeinschaft in ganz Europa, Nord- und S\u00fcdamerika, Afrika, Asien, Australien und Neuseeland vertreten.  <\/p>\n","protected":false},"template":"","meta":{"_acf_changed":false,"inline_featured_image":false,"_uag_custom_page_level_css":"","footnotes":"","_links_to":"","_links_to_target":""},"faq-kategori":[4102],"class_list":["post-152299","faq","type-faq","status-publish","has-post-thumbnail","hentry","faq-kategori-ursprung"],"acf":{"related_links":[{"title_and_link":{"title":"Unsere Geschichte","url":"https:\/\/bcc.no\/om-oss\/var-historie\/","target":""}}],"click_count":23,"rss_image":null},"yoast_head":"<!-- This site is optimized with the Yoast SEO plugin v28.3 - https:\/\/yoast.com\/product\/yoast-seo-wordpress\/ -->\n<title>Wie hat sich die BCC ausgebreitet? - BCC<\/title>\n<meta name=\"robots\" content=\"index, follow, max-snippet:-1, max-image-preview:large, max-video-preview:-1\" \/>\n<link rel=\"canonical\" href=\"https:\/\/bcc.no\/de\/faq\/wie-hat-sich-die-bcc-ausgebreitet\/\" \/>\n<meta property=\"og:locale\" content=\"de_DE\" \/>\n<meta property=\"og:type\" content=\"article\" \/>\n<meta property=\"og:title\" content=\"Wie hat sich die BCC ausgebreitet? - BCC\" \/>\n<meta property=\"og:description\" content=\"Alles begann mit einem einzelnen Mann, der sich zu Gott bekehrte: Johan Oscar Smith. Er sprach mit den Menschen, mit denen er zu tun hatte, \u00fcber seinen Glauben und sein Bibelverst\u00e4ndnis. Nach und nach schlossen sich ihm einige von ihnen an, weil sie dasselbe Sehnen in sich trugen. So entstand geistliche Gemeinschaft und im Laufe [&hellip;]\" \/>\n<meta property=\"og:url\" content=\"https:\/\/bcc.no\/de\/faq\/wie-hat-sich-die-bcc-ausgebreitet\/\" \/>\n<meta property=\"og:site_name\" content=\"BCC\" \/>\n<meta property=\"article:modified_time\" content=\"2026-08-24T09:24:24+00:00\" \/>\n<meta name=\"twitter:card\" content=\"summary_large_image\" \/>\n<meta name=\"twitter:label1\" content=\"Gesch\u00e4tzte Lesezeit\" \/>\n\t<meta name=\"twitter:data1\" content=\"1\u00a0Minute\" \/>\n<script type=\"application\/ld+json\" class=\"yoast-schema-graph\">{\"@context\":\"https:\\\/\\\/schema.org\",\"@graph\":[{\"@type\":\"WebPage\",\"@id\":\"https:\\\/\\\/bcc.no\\\/de\\\/faq\\\/wie-hat-sich-die-bcc-ausgebreitet\\\/\",\"url\":\"https:\\\/\\\/bcc.no\\\/de\\\/faq\\\/wie-hat-sich-die-bcc-ausgebreitet\\\/\",\"name\":\"Wie hat sich die BCC ausgebreitet? - BCC\",\"isPartOf\":{\"@id\":\"https:\\\/\\\/bcc.no\\\/de\\\/#website\"},\"primaryImageOfPage\":{\"@id\":\"https:\\\/\\\/bcc.no\\\/de\\\/faq\\\/wie-hat-sich-die-bcc-ausgebreitet\\\/#primaryimage\"},\"image\":{\"@id\":\"https:\\\/\\\/bcc.no\\\/de\\\/faq\\\/wie-hat-sich-die-bcc-ausgebreitet\\\/#primaryimage\"},\"thumbnailUrl\":\"https:\\\/\\\/bcc.no\\\/wp-content\\\/uploads\\\/2026\\\/02\\\/faq-thumbnail.svg\",\"datePublished\":\"2025-10-07T15:31:40+00:00\",\"dateModified\":\"2026-08-24T09:24:24+00:00\",\"breadcrumb\":{\"@id\":\"https:\\\/\\\/bcc.no\\\/de\\\/faq\\\/wie-hat-sich-die-bcc-ausgebreitet\\\/#breadcrumb\"},\"inLanguage\":\"de\",\"potentialAction\":[{\"@type\":\"ReadAction\",\"target\":[\"https:\\\/\\\/bcc.no\\\/de\\\/faq\\\/wie-hat-sich-die-bcc-ausgebreitet\\\/\"]}]},{\"@type\":\"ImageObject\",\"inLanguage\":\"de\",\"@id\":\"https:\\\/\\\/bcc.no\\\/de\\\/faq\\\/wie-hat-sich-die-bcc-ausgebreitet\\\/#primaryimage\",\"url\":\"https:\\\/\\\/bcc.no\\\/wp-content\\\/uploads\\\/2026\\\/02\\\/faq-thumbnail.svg\",\"contentUrl\":\"https:\\\/\\\/bcc.no\\\/wp-content\\\/uploads\\\/2026\\\/02\\\/faq-thumbnail.svg\",\"width\":110,\"height\":110},{\"@type\":\"BreadcrumbList\",\"@id\":\"https:\\\/\\\/bcc.no\\\/de\\\/faq\\\/wie-hat-sich-die-bcc-ausgebreitet\\\/#breadcrumb\",\"itemListElement\":[{\"@type\":\"ListItem\",\"position\":1,\"name\":\"Startseite\",\"item\":\"https:\\\/\\\/bcc.no\\\/de\\\/startseite\\\/\"},{\"@type\":\"ListItem\",\"position\":2,\"name\":\"H\u00e4ufige Fragen\",\"item\":\"https:\\\/\\\/bcc.no\\\/de\\\/faq\\\/\"},{\"@type\":\"ListItem\",\"position\":3,\"name\":\"Wie hat sich die BCC ausgebreitet?\"}]},{\"@type\":\"WebSite\",\"@id\":\"https:\\\/\\\/bcc.no\\\/de\\\/#website\",\"url\":\"https:\\\/\\\/bcc.no\\\/de\\\/\",\"name\":\"BCC\",\"description\":\"et internasjonalt trossamfunn\",\"publisher\":{\"@id\":\"https:\\\/\\\/bcc.no\\\/de\\\/#organization\"},\"potentialAction\":[{\"@type\":\"SearchAction\",\"target\":{\"@type\":\"EntryPoint\",\"urlTemplate\":\"https:\\\/\\\/bcc.no\\\/de\\\/?s={search_term_string}\"},\"query-input\":{\"@type\":\"PropertyValueSpecification\",\"valueRequired\":true,\"valueName\":\"search_term_string\"}}],\"inLanguage\":\"de\"},{\"@type\":\"Organization\",\"@id\":\"https:\\\/\\\/bcc.no\\\/de\\\/#organization\",\"name\":\"BCC\",\"url\":\"https:\\\/\\\/bcc.no\\\/de\\\/\",\"logo\":{\"@type\":\"ImageObject\",\"inLanguage\":\"de\",\"@id\":\"https:\\\/\\\/bcc.no\\\/de\\\/#\\\/schema\\\/logo\\\/image\\\/\",\"url\":\"https:\\\/\\\/bcc.no\\\/wp-content\\\/uploads\\\/2026\\\/04\\\/bcc_logo_full.svg\",\"contentUrl\":\"https:\\\/\\\/bcc.no\\\/wp-content\\\/uploads\\\/2026\\\/04\\\/bcc_logo_full.svg\",\"caption\":\"BCC\"},\"image\":{\"@id\":\"https:\\\/\\\/bcc.no\\\/de\\\/#\\\/schema\\\/logo\\\/image\\\/\"}}]}<\/script>\n<!-- \/ Yoast SEO plugin. -->","yoast_head_json":{"title":"Wie hat sich die BCC ausgebreitet? - BCC","robots":{"index":"index","follow":"follow","max-snippet":"max-snippet:-1","max-image-preview":"max-image-preview:large","max-video-preview":"max-video-preview:-1"},"canonical":"https:\/\/bcc.no\/de\/faq\/wie-hat-sich-die-bcc-ausgebreitet\/","og_locale":"de_DE","og_type":"article","og_title":"Wie hat sich die BCC ausgebreitet? - BCC","og_description":"Alles begann mit einem einzelnen Mann, der sich zu Gott bekehrte: Johan Oscar Smith. Er sprach mit den Menschen, mit denen er zu tun hatte, \u00fcber seinen Glauben und sein Bibelverst\u00e4ndnis. Nach und nach schlossen sich ihm einige von ihnen an, weil sie dasselbe Sehnen in sich trugen. So entstand geistliche Gemeinschaft und im Laufe [&hellip;]","og_url":"https:\/\/bcc.no\/de\/faq\/wie-hat-sich-die-bcc-ausgebreitet\/","og_site_name":"BCC","article_modified_time":"2026-08-24T09:24:24+00:00","twitter_card":"summary_large_image","twitter_misc":{"Gesch\u00e4tzte Lesezeit":"1\u00a0Minute"},"schema":{"@context":"https:\/\/schema.org","@graph":[{"@type":"WebPage","@id":"https:\/\/bcc.no\/de\/faq\/wie-hat-sich-die-bcc-ausgebreitet\/","url":"https:\/\/bcc.no\/de\/faq\/wie-hat-sich-die-bcc-ausgebreitet\/","name":"Wie hat sich die BCC ausgebreitet? - BCC","isPartOf":{"@id":"https:\/\/bcc.no\/de\/#website"},"primaryImageOfPage":{"@id":"https:\/\/bcc.no\/de\/faq\/wie-hat-sich-die-bcc-ausgebreitet\/#primaryimage"},"image":{"@id":"https:\/\/bcc.no\/de\/faq\/wie-hat-sich-die-bcc-ausgebreitet\/#primaryimage"},"thumbnailUrl":"https:\/\/bcc.no\/wp-content\/uploads\/2026\/02\/faq-thumbnail.svg","datePublished":"2025-10-07T15:31:40+00:00","dateModified":"2026-08-24T09:24:24+00:00","breadcrumb":{"@id":"https:\/\/bcc.no\/de\/faq\/wie-hat-sich-die-bcc-ausgebreitet\/#breadcrumb"},"inLanguage":"de","potentialAction":[{"@type":"ReadAction","target":["https:\/\/bcc.no\/de\/faq\/wie-hat-sich-die-bcc-ausgebreitet\/"]}]},{"@type":"ImageObject","inLanguage":"de","@id":"https:\/\/bcc.no\/de\/faq\/wie-hat-sich-die-bcc-ausgebreitet\/#primaryimage","url":"https:\/\/bcc.no\/wp-content\/uploads\/2026\/02\/faq-thumbnail.svg","contentUrl":"https:\/\/bcc.no\/wp-content\/uploads\/2026\/02\/faq-thumbnail.svg","width":110,"height":110},{"@type":"BreadcrumbList","@id":"https:\/\/bcc.no\/de\/faq\/wie-hat-sich-die-bcc-ausgebreitet\/#breadcrumb","itemListElement":[{"@type":"ListItem","position":1,"name":"Startseite","item":"https:\/\/bcc.no\/de\/startseite\/"},{"@type":"ListItem","position":2,"name":"H\u00e4ufige Fragen","item":"https:\/\/bcc.no\/de\/faq\/"},{"@type":"ListItem","position":3,"name":"Wie hat sich die BCC ausgebreitet?"}]},{"@type":"WebSite","@id":"https:\/\/bcc.no\/de\/#website","url":"https:\/\/bcc.no\/de\/","name":"BCC","description":"et internasjonalt trossamfunn","publisher":{"@id":"https:\/\/bcc.no\/de\/#organization"},"potentialAction":[{"@type":"SearchAction","target":{"@type":"EntryPoint","urlTemplate":"https:\/\/bcc.no\/de\/?s={search_term_string}"},"query-input":{"@type":"PropertyValueSpecification","valueRequired":true,"valueName":"search_term_string"}}],"inLanguage":"de"},{"@type":"Organization","@id":"https:\/\/bcc.no\/de\/#organization","name":"BCC","url":"https:\/\/bcc.no\/de\/","logo":{"@type":"ImageObject","inLanguage":"de","@id":"https:\/\/bcc.no\/de\/#\/schema\/logo\/image\/","url":"https:\/\/bcc.no\/wp-content\/uploads\/2026\/04\/bcc_logo_full.svg","contentUrl":"https:\/\/bcc.no\/wp-content\/uploads\/2026\/04\/bcc_logo_full.svg","caption":"BCC"},"image":{"@id":"https:\/\/bcc.no\/de\/#\/schema\/logo\/image\/"}}]}},"uagb_featured_image_src":[],"uagb_author_info":{"display_name":"Anne Lea Krarup Nielsen","author_link":"https:\/\/bcc.no\/de\/author\/"},"uagb_comment_info":0,"uagb_excerpt":"Alles begann mit einem einzelnen Mann, der sich zu Gott bekehrte: Johan Oscar Smith. Er sprach mit den Menschen, mit denen er zu tun hatte, \u00fcber seinen Glauben und sein Bibelverst\u00e4ndnis. Nach und nach schlossen sich ihm einige von ihnen an, weil sie dasselbe Sehnen in sich trugen. So entstand geistliche Gemeinschaft und im Laufe&hellip;","_links":{"self":[{"href":"https:\/\/bcc.no\/de\/wp-json\/wp\/v2\/faq\/152299","targetHints":{"allow":["GET"]}}],"collection":[{"href":"https:\/\/bcc.no\/de\/wp-json\/wp\/v2\/faq"}],"about":[{"href":"https:\/\/bcc.no\/de\/wp-json\/wp\/v2\/types\/faq"}],"version-history":[{"count":1,"href":"https:\/\/bcc.no\/de\/wp-json\/wp\/v2\/faq\/152299\/revisions"}],"predecessor-version":[{"id":152300,"href":"https:\/\/bcc.no\/de\/wp-json\/wp\/v2\/faq\/152299\/revisions\/152300"}],"wp:featuredmedia":[{"embeddable":true,"href":"https:\/\/bcc.no\/de\/wp-json\/wp\/v2\/media\/144891"}],"wp:attachment":[{"href":"https:\/\/bcc.no\/de\/wp-json\/wp\/v2\/media?parent=152299"}],"wp:term":[{"taxonomy":"faq-kategori","embeddable":true,"href":"https:\/\/bcc.no\/de\/wp-json\/wp\/v2\/faq-kategori?post=152299"}],"curies":[{"name":"wp","href":"https:\/\/api.w.org\/{rel}","templated":true}]}}

<p class="wp-block-paragraph">Alles begann mit einem einzelnen Mann, der sich zu Gott bekehrte: Johan Oscar Smith. Er sprach mit den Menschen, mit denen er zu tun hatte, über seinen Glauben und sein Bibelverständnis. Nach und nach schlossen sich ihm einige von ihnen an, weil sie dasselbe Sehnen in sich trugen. So entstand geistliche Gemeinschaft und im Laufe der Zeit bildeten sich daraus Gemeinden. Smith war Unteroffizier in der Marine. In dieser Funktion nahm er während des Ersten Weltkrieges an der Neutralitätswache entlang der norwegischen Küste teil. Bis heute gibt es dort in vielen Städten Gemeinden, die damals bei Landgängen durch ihn entstanden.    </p>

<p class="wp-block-paragraph">In den 1920er-Jahren reisten Smith und mehrere Prediger nach Dänemark und knüpften dort neue Kontakte, später auch in weiteren Teilen Europas.</p>

<p class="wp-block-paragraph">Als im Jahre 1956 Brunstad gekauft wurde, war damit endlich ein fester Ort gefunden, wohin neue Kontakte eingeladen werden konnten. Das trug wesentlich dazu bei, dass die Gemeinschaft internationaler wurde.</p>

<p class="wp-block-paragraph">In den folgenden Jahrzehnten etablierten sich Gemeinden auf allen Kontinenten. Ein großer Teil der Mitglieder lebt in Norwegen, wo es 19 Ortsgemeinden gibt. Darüber hinaus ist die Glaubensgemeinschaft in ganz Europa, Nord- und Südamerika, Afrika, Asien, Australien und Neuseeland vertreten.  </p>

<!-- This site is optimized with the Yoast SEO plugin v28.3 - https://yoast.com/product/yoast-seo-wordpress/ -->
<title>Wie hat sich die BCC ausgebreitet? - BCC</title>
<meta name="robots" content="index, follow, max-snippet:-1, max-image-preview:large, max-video-preview:-1" />
<link rel="canonical" href="https://bcc.no/de/faq/wie-hat-sich-die-bcc-ausgebreitet/" />
<meta property="og:locale" content="de_DE" />
<meta property="og:type" content="article" />
<meta property="og:title" content="Wie hat sich die BCC ausgebreitet? - BCC" />
<meta property="og:description" content="Alles begann mit einem einzelnen Mann, der sich zu Gott bekehrte: Johan Oscar Smith. Er sprach mit den Menschen, mit denen er zu tun hatte, über seinen Glauben und sein Bibelverständnis. Nach und nach schlossen sich ihm einige von ihnen an, weil sie dasselbe Sehnen in sich trugen. So entstand geistliche Gemeinschaft und im Laufe [&hellip;]" />
<meta property="og:url" content="https://bcc.no/de/faq/wie-hat-sich-die-bcc-ausgebreitet/" />
<meta property="og:site_name" content="BCC" />
<meta property="article:modified_time" content="2026-08-24T09:24:24+00:00" />
<meta name="twitter:card" content="summary_large_image" />
<meta name="twitter:label1" content="Geschätzte Lesezeit" />
	<meta name="twitter:data1" content="1 Minute" />
<script type="application/ld+json" class="yoast-schema-graph">{"@context":"https:\/\/schema.org","@graph":[{"@type":"WebPage","@id":"https:\/\/bcc.no\/de\/faq\/wie-hat-sich-die-bcc-ausgebreitet\/","url":"https:\/\/bcc.no\/de\/faq\/wie-hat-sich-die-bcc-ausgebreitet\/","name":"Wie hat sich die BCC ausgebreitet? - BCC","isPartOf":{"@id":"https:\/\/bcc.no\/de\/#website"},"primaryImageOfPage":{"@id":"https:\/\/bcc.no\/de\/faq\/wie-hat-sich-die-bcc-ausgebreitet\/#primaryimage"},"image":{"@id":"https:\/\/bcc.no\/de\/faq\/wie-hat-sich-die-bcc-ausgebreitet\/#primaryimage"},"thumbnailUrl":"https:\/\/bcc.no\/wp-content\/uploads\/2026\/02\/faq-thumbnail.svg","datePublished":"2025-10-07T15:31:40+00:00","dateModified":"2026-08-24T09:24:24+00:00","breadcrumb":{"@id":"https:\/\/bcc.no\/de\/faq\/wie-hat-sich-die-bcc-ausgebreitet\/#breadcrumb"},"inLanguage":"de","potentialAction":[{"@type":"ReadAction","target":["https:\/\/bcc.no\/de\/faq\/wie-hat-sich-die-bcc-ausgebreitet\/"]}]},{"@type":"ImageObject","inLanguage":"de","@id":"https:\/\/bcc.no\/de\/faq\/wie-hat-sich-die-bcc-ausgebreitet\/#primaryimage","url":"https:\/\/bcc.no\/wp-content\/uploads\/2026\/02\/faq-thumbnail.svg","contentUrl":"https:\/\/bcc.no\/wp-content\/uploads\/2026\/02\/faq-thumbnail.svg","width":110,"height":110},{"@type":"BreadcrumbList","@id":"https:\/\/bcc.no\/de\/faq\/wie-hat-sich-die-bcc-ausgebreitet\/#breadcrumb","itemListElement":[{"@type":"ListItem","position":1,"name":"Startseite","item":"https:\/\/bcc.no\/de\/startseite\/"},{"@type":"ListItem","position":2,"name":"Häufige Fragen","item":"https:\/\/bcc.no\/de\/faq\/"},{"@type":"ListItem","position":3,"name":"Wie hat sich die BCC ausgebreitet?"}]},{"@type":"WebSite","@id":"https:\/\/bcc.no\/de\/#website","url":"https:\/\/bcc.no\/de\/","name":"BCC","description":"et internasjonalt trossamfunn","publisher":{"@id":"https:\/\/bcc.no\/de\/#organization"},"potentialAction":[{"@type":"SearchAction","target":{"@type":"EntryPoint","urlTemplate":"https:\/\/bcc.no\/de\/?s={search_term_string}"},"query-input":{"@type":"PropertyValueSpecification","valueRequired":true,"valueName":"search_term_string"}}],"inLanguage":"de"},{"@type":"Organization","@id":"https:\/\/bcc.no\/de\/#organization","name":"BCC","url":"https:\/\/bcc.no\/de\/","logo":{"@type":"ImageObject","inLanguage":"de","@id":"https:\/\/bcc.no\/de\/#\/schema\/logo\/image\/","url":"https:\/\/bcc.no\/wp-content\/uploads\/2026\/04\/bcc_logo_full.svg","contentUrl":"https:\/\/bcc.no\/wp-content\/uploads\/2026\/04\/bcc_logo_full.svg","caption":"BCC"},"image":{"@id":"https:\/\/bcc.no\/de\/#\/schema\/logo\/image\/"}}]}</script>
<!-- / Yoast SEO plugin. -->

Alles begann mit einem einzelnen Mann, der sich zu Gott bekehrte: Johan Oscar Smith. Er sprach mit den Menschen, mit denen er zu tun hatte, über seinen Glauben und sein Bibelverständnis. Nach und nach schlossen sich ihm einige von ihnen an, weil sie dasselbe Sehnen in sich trugen. So entstand geistliche Gemeinschaft und im Laufe [&hellip;]

Häufige Fragen

Alles begann mit einem einzelnen Mann, der sich zu Gott bekehrte: Johan Oscar Smith. Er sprach mit den Menschen, mit denen er zu tun hatte, über seinen Glauben und sein Bibelverständnis. Nach und nach schlossen sich ihm einige von ihnen an, weil sie dasselbe Sehnen in sich trugen. So entstand geistliche Gemeinschaft und im Laufe&hellip;
