{"id":152297,"date":"2025-10-07T16:31:23","date_gmt":"2025-10-07T15:31:23","guid":{"rendered":"https:\/\/bcc.no\/faq\/wer-hat-die-bcc-gegruendet\/"},"modified":"2026-08-31T16:19:35","modified_gmt":"2026-08-31T15:19:35","slug":"wer-hat-die-bcc-gegruendet","status":"publish","type":"faq","link":"https:\/\/bcc.no\/de\/faq\/wer-hat-die-bcc-gegruendet\/","title":{"rendered":"Wer hat die BCC gegr\u00fcndet?"},"content":{"rendered":"\n<p class=\"wp-block-paragraph\">Der Ursprung der BCC wird auf den 17. Mai 1898 zur\u00fcckgef\u00fchrt. An diesem Tag bekehrte sich der junge Norweger Johan Oscar Smith zu Gott. <\/p>\n","protected":false},"template":"","meta":{"_acf_changed":false,"inline_featured_image":false,"_uag_custom_page_level_css":"","footnotes":"","_links_to":"","_links_to_target":""},"faq-kategori":[4102],"class_list":["post-152297","faq","type-faq","status-publish","has-post-thumbnail","hentry","faq-kategori-ursprung"],"acf":{"related_links":[{"title_and_link":{"title":"Das Erbe von Smith","url":"https:\/\/aktiveschristentum.de\/das-erbe-johan-oscar-smiths","target":"_blank"}},{"title_and_link":{"title":"Unsere Geschichte","url":"https:\/\/bcc.no\/de\/ueber-uns\/unsere-geschichte\/","target":""}}],"click_count":29,"rss_image":null},"yoast_head":"<!-- This site is optimized with the Yoast SEO plugin v28.3 - https:\/\/yoast.com\/product\/yoast-seo-wordpress\/ -->\n<title>Wer hat die BCC gegr\u00fcndet? - BCC<\/title>\n<meta name=\"robots\" content=\"index, follow, max-snippet:-1, max-image-preview:large, max-video-preview:-1\" \/>\n<link rel=\"canonical\" href=\"https:\/\/bcc.no\/de\/faq\/wer-hat-die-bcc-gegruendet\/\" \/>\n<meta property=\"og:locale\" content=\"de_DE\" \/>\n<meta property=\"og:type\" content=\"article\" \/>\n<meta property=\"og:title\" content=\"Wer hat die BCC gegr\u00fcndet? - BCC\" \/>\n<meta property=\"og:description\" content=\"Der Ursprung der BCC wird auf den 17. Mai 1898 zur\u00fcckgef\u00fchrt. An diesem Tag bekehrte sich der junge Norweger Johan Oscar Smith zu Gott.\" \/>\n<meta property=\"og:url\" content=\"https:\/\/bcc.no\/de\/faq\/wer-hat-die-bcc-gegruendet\/\" \/>\n<meta property=\"og:site_name\" content=\"BCC\" \/>\n<meta property=\"article:modified_time\" content=\"2026-08-31T15:19:35+00:00\" \/>\n<meta name=\"twitter:card\" content=\"summary_large_image\" \/>\n<meta name=\"twitter:label1\" content=\"Gesch\u00e4tzte Lesezeit\" \/>\n\t<meta name=\"twitter:data1\" content=\"1\u00a0Minute\" \/>\n<script type=\"application\/ld+json\" class=\"yoast-schema-graph\">{\"@context\":\"https:\\\/\\\/schema.org\",\"@graph\":[{\"@type\":\"WebPage\",\"@id\":\"https:\\\/\\\/bcc.no\\\/de\\\/faq\\\/wer-hat-die-bcc-gegruendet\\\/\",\"url\":\"https:\\\/\\\/bcc.no\\\/de\\\/faq\\\/wer-hat-die-bcc-gegruendet\\\/\",\"name\":\"Wer hat die BCC gegr\u00fcndet? - BCC\",\"isPartOf\":{\"@id\":\"https:\\\/\\\/bcc.no\\\/de\\\/#website\"},\"primaryImageOfPage\":{\"@id\":\"https:\\\/\\\/bcc.no\\\/de\\\/faq\\\/wer-hat-die-bcc-gegruendet\\\/#primaryimage\"},\"image\":{\"@id\":\"https:\\\/\\\/bcc.no\\\/de\\\/faq\\\/wer-hat-die-bcc-gegruendet\\\/#primaryimage\"},\"thumbnailUrl\":\"https:\\\/\\\/bcc.no\\\/wp-content\\\/uploads\\\/2026\\\/02\\\/faq-thumbnail.svg\",\"datePublished\":\"2025-10-07T15:31:23+00:00\",\"dateModified\":\"2026-08-31T15:19:35+00:00\",\"breadcrumb\":{\"@id\":\"https:\\\/\\\/bcc.no\\\/de\\\/faq\\\/wer-hat-die-bcc-gegruendet\\\/#breadcrumb\"},\"inLanguage\":\"de\",\"potentialAction\":[{\"@type\":\"ReadAction\",\"target\":[\"https:\\\/\\\/bcc.no\\\/de\\\/faq\\\/wer-hat-die-bcc-gegruendet\\\/\"]}]},{\"@type\":\"ImageObject\",\"inLanguage\":\"de\",\"@id\":\"https:\\\/\\\/bcc.no\\\/de\\\/faq\\\/wer-hat-die-bcc-gegruendet\\\/#primaryimage\",\"url\":\"https:\\\/\\\/bcc.no\\\/wp-content\\\/uploads\\\/2026\\\/02\\\/faq-thumbnail.svg\",\"contentUrl\":\"https:\\\/\\\/bcc.no\\\/wp-content\\\/uploads\\\/2026\\\/02\\\/faq-thumbnail.svg\",\"width\":110,\"height\":110},{\"@type\":\"BreadcrumbList\",\"@id\":\"https:\\\/\\\/bcc.no\\\/de\\\/faq\\\/wer-hat-die-bcc-gegruendet\\\/#breadcrumb\",\"itemListElement\":[{\"@type\":\"ListItem\",\"position\":1,\"name\":\"Startseite\",\"item\":\"https:\\\/\\\/bcc.no\\\/de\\\/startseite\\\/\"},{\"@type\":\"ListItem\",\"position\":2,\"name\":\"H\u00e4ufige Fragen\",\"item\":\"https:\\\/\\\/bcc.no\\\/de\\\/faq\\\/\"},{\"@type\":\"ListItem\",\"position\":3,\"name\":\"Ursprung\",\"item\":\"https:\\\/\\\/bcc.no\\\/de\\\/faq-kategori\\\/ursprung\\\/\"},{\"@type\":\"ListItem\",\"position\":4,\"name\":\"Wer hat die BCC gegr\u00fcndet?\"}]},{\"@type\":\"WebSite\",\"@id\":\"https:\\\/\\\/bcc.no\\\/de\\\/#website\",\"url\":\"https:\\\/\\\/bcc.no\\\/de\\\/\",\"name\":\"BCC\",\"description\":\"et internasjonalt trossamfunn\",\"publisher\":{\"@id\":\"https:\\\/\\\/bcc.no\\\/de\\\/#organization\"},\"potentialAction\":[{\"@type\":\"SearchAction\",\"target\":{\"@type\":\"EntryPoint\",\"urlTemplate\":\"https:\\\/\\\/bcc.no\\\/de\\\/?s={search_term_string}\"},\"query-input\":{\"@type\":\"PropertyValueSpecification\",\"valueRequired\":true,\"valueName\":\"search_term_string\"}}],\"inLanguage\":\"de\"},{\"@type\":\"Organization\",\"@id\":\"https:\\\/\\\/bcc.no\\\/de\\\/#organization\",\"name\":\"BCC\",\"url\":\"https:\\\/\\\/bcc.no\\\/de\\\/\",\"logo\":{\"@type\":\"ImageObject\",\"inLanguage\":\"de\",\"@id\":\"https:\\\/\\\/bcc.no\\\/de\\\/#\\\/schema\\\/logo\\\/image\\\/\",\"url\":\"https:\\\/\\\/bcc.no\\\/wp-content\\\/uploads\\\/2026\\\/04\\\/bcc_logo_full.svg\",\"contentUrl\":\"https:\\\/\\\/bcc.no\\\/wp-content\\\/uploads\\\/2026\\\/04\\\/bcc_logo_full.svg\",\"caption\":\"BCC\"},\"image\":{\"@id\":\"https:\\\/\\\/bcc.no\\\/de\\\/#\\\/schema\\\/logo\\\/image\\\/\"}}]}<\/script>\n<!-- \/ Yoast SEO plugin. -->","yoast_head_json":{"title":"Wer hat die BCC gegr\u00fcndet? - BCC","robots":{"index":"index","follow":"follow","max-snippet":"max-snippet:-1","max-image-preview":"max-image-preview:large","max-video-preview":"max-video-preview:-1"},"canonical":"https:\/\/bcc.no\/de\/faq\/wer-hat-die-bcc-gegruendet\/","og_locale":"de_DE","og_type":"article","og_title":"Wer hat die BCC gegr\u00fcndet? - BCC","og_description":"Der Ursprung der BCC wird auf den 17. Mai 1898 zur\u00fcckgef\u00fchrt. An diesem Tag bekehrte sich der junge Norweger Johan Oscar Smith zu Gott.","og_url":"https:\/\/bcc.no\/de\/faq\/wer-hat-die-bcc-gegruendet\/","og_site_name":"BCC","article_modified_time":"2026-08-31T15:19:35+00:00","twitter_card":"summary_large_image","twitter_misc":{"Gesch\u00e4tzte Lesezeit":"1\u00a0Minute"},"schema":{"@context":"https:\/\/schema.org","@graph":[{"@type":"WebPage","@id":"https:\/\/bcc.no\/de\/faq\/wer-hat-die-bcc-gegruendet\/","url":"https:\/\/bcc.no\/de\/faq\/wer-hat-die-bcc-gegruendet\/","name":"Wer hat die BCC gegr\u00fcndet? - BCC","isPartOf":{"@id":"https:\/\/bcc.no\/de\/#website"},"primaryImageOfPage":{"@id":"https:\/\/bcc.no\/de\/faq\/wer-hat-die-bcc-gegruendet\/#primaryimage"},"image":{"@id":"https:\/\/bcc.no\/de\/faq\/wer-hat-die-bcc-gegruendet\/#primaryimage"},"thumbnailUrl":"https:\/\/bcc.no\/wp-content\/uploads\/2026\/02\/faq-thumbnail.svg","datePublished":"2025-10-07T15:31:23+00:00","dateModified":"2026-08-31T15:19:35+00:00","breadcrumb":{"@id":"https:\/\/bcc.no\/de\/faq\/wer-hat-die-bcc-gegruendet\/#breadcrumb"},"inLanguage":"de","potentialAction":[{"@type":"ReadAction","target":["https:\/\/bcc.no\/de\/faq\/wer-hat-die-bcc-gegruendet\/"]}]},{"@type":"ImageObject","inLanguage":"de","@id":"https:\/\/bcc.no\/de\/faq\/wer-hat-die-bcc-gegruendet\/#primaryimage","url":"https:\/\/bcc.no\/wp-content\/uploads\/2026\/02\/faq-thumbnail.svg","contentUrl":"https:\/\/bcc.no\/wp-content\/uploads\/2026\/02\/faq-thumbnail.svg","width":110,"height":110},{"@type":"BreadcrumbList","@id":"https:\/\/bcc.no\/de\/faq\/wer-hat-die-bcc-gegruendet\/#breadcrumb","itemListElement":[{"@type":"ListItem","position":1,"name":"Startseite","item":"https:\/\/bcc.no\/de\/startseite\/"},{"@type":"ListItem","position":2,"name":"H\u00e4ufige Fragen","item":"https:\/\/bcc.no\/de\/faq\/"},{"@type":"ListItem","position":3,"name":"Ursprung","item":"https:\/\/bcc.no\/de\/faq-kategori\/ursprung\/"},{"@type":"ListItem","position":4,"name":"Wer hat die BCC gegr\u00fcndet?"}]},{"@type":"WebSite","@id":"https:\/\/bcc.no\/de\/#website","url":"https:\/\/bcc.no\/de\/","name":"BCC","description":"et internasjonalt trossamfunn","publisher":{"@id":"https:\/\/bcc.no\/de\/#organization"},"potentialAction":[{"@type":"SearchAction","target":{"@type":"EntryPoint","urlTemplate":"https:\/\/bcc.no\/de\/?s={search_term_string}"},"query-input":{"@type":"PropertyValueSpecification","valueRequired":true,"valueName":"search_term_string"}}],"inLanguage":"de"},{"@type":"Organization","@id":"https:\/\/bcc.no\/de\/#organization","name":"BCC","url":"https:\/\/bcc.no\/de\/","logo":{"@type":"ImageObject","inLanguage":"de","@id":"https:\/\/bcc.no\/de\/#\/schema\/logo\/image\/","url":"https:\/\/bcc.no\/wp-content\/uploads\/2026\/04\/bcc_logo_full.svg","contentUrl":"https:\/\/bcc.no\/wp-content\/uploads\/2026\/04\/bcc_logo_full.svg","caption":"BCC"},"image":{"@id":"https:\/\/bcc.no\/de\/#\/schema\/logo\/image\/"}}]}},"uagb_featured_image_src":[],"uagb_author_info":{"display_name":"Anne Lea Krarup Nielsen","author_link":"https:\/\/bcc.no\/de\/author\/"},"uagb_comment_info":0,"uagb_excerpt":"Der Ursprung der BCC wird auf den 17. Mai 1898 zur\u00fcckgef\u00fchrt. An diesem Tag bekehrte sich der junge Norweger Johan Oscar Smith zu Gott.","_links":{"self":[{"href":"https:\/\/bcc.no\/de\/wp-json\/wp\/v2\/faq\/152297","targetHints":{"allow":["GET"]}}],"collection":[{"href":"https:\/\/bcc.no\/de\/wp-json\/wp\/v2\/faq"}],"about":[{"href":"https:\/\/bcc.no\/de\/wp-json\/wp\/v2\/types\/faq"}],"version-history":[{"count":2,"href":"https:\/\/bcc.no\/de\/wp-json\/wp\/v2\/faq\/152297\/revisions"}],"predecessor-version":[{"id":152569,"href":"https:\/\/bcc.no\/de\/wp-json\/wp\/v2\/faq\/152297\/revisions\/152569"}],"wp:featuredmedia":[{"embeddable":true,"href":"https:\/\/bcc.no\/de\/wp-json\/wp\/v2\/media\/144891"}],"wp:attachment":[{"href":"https:\/\/bcc.no\/de\/wp-json\/wp\/v2\/media?parent=152297"}],"wp:term":[{"taxonomy":"faq-kategori","embeddable":true,"href":"https:\/\/bcc.no\/de\/wp-json\/wp\/v2\/faq-kategori?post=152297"}],"curies":[{"name":"wp","href":"https:\/\/api.w.org\/{rel}","templated":true}]}}

Wer hat die BCC gegründet?

<p class="wp-block-paragraph">Der Ursprung der BCC wird auf den 17. Mai 1898 zurückgeführt. An diesem Tag bekehrte sich der junge Norweger Johan Oscar Smith zu Gott. </p>

<!-- This site is optimized with the Yoast SEO plugin v28.3 - https://yoast.com/product/yoast-seo-wordpress/ -->
<title>Wer hat die BCC gegründet? - BCC</title>
<meta name="robots" content="index, follow, max-snippet:-1, max-image-preview:large, max-video-preview:-1" />
<link rel="canonical" href="https://bcc.no/de/faq/wer-hat-die-bcc-gegruendet/" />
<meta property="og:locale" content="de_DE" />
<meta property="og:type" content="article" />
<meta property="og:title" content="Wer hat die BCC gegründet? - BCC" />
<meta property="og:description" content="Der Ursprung der BCC wird auf den 17. Mai 1898 zurückgeführt. An diesem Tag bekehrte sich der junge Norweger Johan Oscar Smith zu Gott." />
<meta property="og:url" content="https://bcc.no/de/faq/wer-hat-die-bcc-gegruendet/" />
<meta property="og:site_name" content="BCC" />
<meta property="article:modified_time" content="2026-08-31T15:19:35+00:00" />
<meta name="twitter:card" content="summary_large_image" />
<meta name="twitter:label1" content="Geschätzte Lesezeit" />
	<meta name="twitter:data1" content="1 Minute" />
<script type="application/ld+json" class="yoast-schema-graph">{"@context":"https:\/\/schema.org","@graph":[{"@type":"WebPage","@id":"https:\/\/bcc.no\/de\/faq\/wer-hat-die-bcc-gegruendet\/","url":"https:\/\/bcc.no\/de\/faq\/wer-hat-die-bcc-gegruendet\/","name":"Wer hat die BCC gegründet? - BCC","isPartOf":{"@id":"https:\/\/bcc.no\/de\/#website"},"primaryImageOfPage":{"@id":"https:\/\/bcc.no\/de\/faq\/wer-hat-die-bcc-gegruendet\/#primaryimage"},"image":{"@id":"https:\/\/bcc.no\/de\/faq\/wer-hat-die-bcc-gegruendet\/#primaryimage"},"thumbnailUrl":"https:\/\/bcc.no\/wp-content\/uploads\/2026\/02\/faq-thumbnail.svg","datePublished":"2025-10-07T15:31:23+00:00","dateModified":"2026-08-31T15:19:35+00:00","breadcrumb":{"@id":"https:\/\/bcc.no\/de\/faq\/wer-hat-die-bcc-gegruendet\/#breadcrumb"},"inLanguage":"de","potentialAction":[{"@type":"ReadAction","target":["https:\/\/bcc.no\/de\/faq\/wer-hat-die-bcc-gegruendet\/"]}]},{"@type":"ImageObject","inLanguage":"de","@id":"https:\/\/bcc.no\/de\/faq\/wer-hat-die-bcc-gegruendet\/#primaryimage","url":"https:\/\/bcc.no\/wp-content\/uploads\/2026\/02\/faq-thumbnail.svg","contentUrl":"https:\/\/bcc.no\/wp-content\/uploads\/2026\/02\/faq-thumbnail.svg","width":110,"height":110},{"@type":"BreadcrumbList","@id":"https:\/\/bcc.no\/de\/faq\/wer-hat-die-bcc-gegruendet\/#breadcrumb","itemListElement":[{"@type":"ListItem","position":1,"name":"Startseite","item":"https:\/\/bcc.no\/de\/startseite\/"},{"@type":"ListItem","position":2,"name":"Häufige Fragen","item":"https:\/\/bcc.no\/de\/faq\/"},{"@type":"ListItem","position":3,"name":"Ursprung","item":"https:\/\/bcc.no\/de\/faq-kategori\/ursprung\/"},{"@type":"ListItem","position":4,"name":"Wer hat die BCC gegründet?"}]},{"@type":"WebSite","@id":"https:\/\/bcc.no\/de\/#website","url":"https:\/\/bcc.no\/de\/","name":"BCC","description":"et internasjonalt trossamfunn","publisher":{"@id":"https:\/\/bcc.no\/de\/#organization"},"potentialAction":[{"@type":"SearchAction","target":{"@type":"EntryPoint","urlTemplate":"https:\/\/bcc.no\/de\/?s={search_term_string}"},"query-input":{"@type":"PropertyValueSpecification","valueRequired":true,"valueName":"search_term_string"}}],"inLanguage":"de"},{"@type":"Organization","@id":"https:\/\/bcc.no\/de\/#organization","name":"BCC","url":"https:\/\/bcc.no\/de\/","logo":{"@type":"ImageObject","inLanguage":"de","@id":"https:\/\/bcc.no\/de\/#\/schema\/logo\/image\/","url":"https:\/\/bcc.no\/wp-content\/uploads\/2026\/04\/bcc_logo_full.svg","contentUrl":"https:\/\/bcc.no\/wp-content\/uploads\/2026\/04\/bcc_logo_full.svg","caption":"BCC"},"image":{"@id":"https:\/\/bcc.no\/de\/#\/schema\/logo\/image\/"}}]}</script>
<!-- / Yoast SEO plugin. -->

Wer hat die BCC gegründet? - BCC

Der Ursprung der BCC wird auf den 17. Mai 1898 zurückgeführt. An diesem Tag bekehrte sich der junge Norweger Johan Oscar Smith zu Gott.

Häufige Fragen
