{"id":152288,"date":"2025-10-07T16:29:59","date_gmt":"2025-10-07T15:29:59","guid":{"rendered":"https:\/\/bcc.no\/faq\/wie-ist-die-kinder-und-jugendarbeit-organisiert\/"},"modified":"2026-08-24T10:08:22","modified_gmt":"2026-08-24T09:08:22","slug":"wie-ist-die-kinder-und-jugendarbeit-organisiert","status":"publish","type":"faq","link":"https:\/\/bcc.no\/de\/faq\/wie-ist-die-kinder-und-jugendarbeit-organisiert\/","title":{"rendered":"Wie ist die Kinder- und Jugendarbeit organisiert?"},"content":{"rendered":"\n<p class=\"wp-block-paragraph\">Das ist von Land zu Land etwas unterschiedlich. In der Regel sind jedoch Kindergottesdienste, Jugendgottesdienste und Bibelunterricht als Teil von BCC als Glaubensgemeinschaft organisiert.<\/p>\n\n<p class=\"wp-block-paragraph\">Viele Jugendliche und Erwachsene investieren ihre Freizeit, um Aktivit\u00e4ten zu organisieren und gute Vorbilder f\u00fcr die J\u00fcngeren zu sein. Das st\u00e4rkt die Gemeinschaft \u00fcber Generationen hinweg.<\/p>\n\n<p class=\"wp-block-paragraph\">Dem BCC-Verbund sind mehrere Kinder \u2013 und Jugendvereine angeschlossen, die Freizeitaktivit\u00e4ten und Sport anbieten. Wer als Mentor in einem Kinder- oder Jugendverein t\u00e4tig sein m\u00f6chte, muss ein polizeiliches F\u00fchrungszeugnis vorlegen und einen Pr\u00e4ventionskurs \u201eSichere Kinder\u201c absolvieren. <\/p>\n\n<p class=\"wp-block-paragraph\"><\/p>\n","protected":false},"template":"","meta":{"_acf_changed":false,"inline_featured_image":false,"_uag_custom_page_level_css":"","footnotes":"","_links_to":"","_links_to_target":""},"faq-kategori":[4101],"class_list":["post-152288","faq","type-faq","status-publish","has-post-thumbnail","hentry","faq-kategori-organisation-und-struktur"],"acf":{"related_links":null,"click_count":27,"rss_image":null},"yoast_head":"<!-- This site is optimized with the Yoast SEO plugin v28.3 - https:\/\/yoast.com\/product\/yoast-seo-wordpress\/ -->\n<title>Wie ist die Kinder- und Jugendarbeit organisiert? - BCC<\/title>\n<meta name=\"robots\" content=\"index, follow, max-snippet:-1, max-image-preview:large, max-video-preview:-1\" \/>\n<link rel=\"canonical\" href=\"https:\/\/bcc.no\/de\/faq\/wie-ist-die-kinder-und-jugendarbeit-organisiert\/\" \/>\n<meta property=\"og:locale\" content=\"de_DE\" \/>\n<meta property=\"og:type\" content=\"article\" \/>\n<meta property=\"og:title\" content=\"Wie ist die Kinder- und Jugendarbeit organisiert? - BCC\" \/>\n<meta property=\"og:description\" content=\"Das ist von Land zu Land etwas unterschiedlich. In der Regel sind jedoch Kindergottesdienste, Jugendgottesdienste und Bibelunterricht als Teil von BCC als Glaubensgemeinschaft organisiert. Viele Jugendliche und Erwachsene investieren ihre Freizeit, um Aktivit\u00e4ten zu organisieren und gute Vorbilder f\u00fcr die J\u00fcngeren zu sein. Das st\u00e4rkt die Gemeinschaft \u00fcber Generationen hinweg. Dem BCC-Verbund sind mehrere Kinder [&hellip;]\" \/>\n<meta property=\"og:url\" content=\"https:\/\/bcc.no\/de\/faq\/wie-ist-die-kinder-und-jugendarbeit-organisiert\/\" \/>\n<meta property=\"og:site_name\" content=\"BCC\" \/>\n<meta property=\"article:modified_time\" content=\"2026-08-24T09:08:22+00:00\" \/>\n<meta name=\"twitter:card\" content=\"summary_large_image\" \/>\n<script type=\"application\/ld+json\" class=\"yoast-schema-graph\">{\"@context\":\"https:\\\/\\\/schema.org\",\"@graph\":[{\"@type\":\"WebPage\",\"@id\":\"https:\\\/\\\/bcc.no\\\/de\\\/faq\\\/wie-ist-die-kinder-und-jugendarbeit-organisiert\\\/\",\"url\":\"https:\\\/\\\/bcc.no\\\/de\\\/faq\\\/wie-ist-die-kinder-und-jugendarbeit-organisiert\\\/\",\"name\":\"Wie ist die Kinder- und Jugendarbeit organisiert? - BCC\",\"isPartOf\":{\"@id\":\"https:\\\/\\\/bcc.no\\\/de\\\/#website\"},\"primaryImageOfPage\":{\"@id\":\"https:\\\/\\\/bcc.no\\\/de\\\/faq\\\/wie-ist-die-kinder-und-jugendarbeit-organisiert\\\/#primaryimage\"},\"image\":{\"@id\":\"https:\\\/\\\/bcc.no\\\/de\\\/faq\\\/wie-ist-die-kinder-und-jugendarbeit-organisiert\\\/#primaryimage\"},\"thumbnailUrl\":\"https:\\\/\\\/bcc.no\\\/wp-content\\\/uploads\\\/2026\\\/02\\\/faq-thumbnail.svg\",\"datePublished\":\"2025-10-07T15:29:59+00:00\",\"dateModified\":\"2026-08-24T09:08:22+00:00\",\"breadcrumb\":{\"@id\":\"https:\\\/\\\/bcc.no\\\/de\\\/faq\\\/wie-ist-die-kinder-und-jugendarbeit-organisiert\\\/#breadcrumb\"},\"inLanguage\":\"de\",\"potentialAction\":[{\"@type\":\"ReadAction\",\"target\":[\"https:\\\/\\\/bcc.no\\\/de\\\/faq\\\/wie-ist-die-kinder-und-jugendarbeit-organisiert\\\/\"]}]},{\"@type\":\"ImageObject\",\"inLanguage\":\"de\",\"@id\":\"https:\\\/\\\/bcc.no\\\/de\\\/faq\\\/wie-ist-die-kinder-und-jugendarbeit-organisiert\\\/#primaryimage\",\"url\":\"https:\\\/\\\/bcc.no\\\/wp-content\\\/uploads\\\/2026\\\/02\\\/faq-thumbnail.svg\",\"contentUrl\":\"https:\\\/\\\/bcc.no\\\/wp-content\\\/uploads\\\/2026\\\/02\\\/faq-thumbnail.svg\",\"width\":110,\"height\":110},{\"@type\":\"BreadcrumbList\",\"@id\":\"https:\\\/\\\/bcc.no\\\/de\\\/faq\\\/wie-ist-die-kinder-und-jugendarbeit-organisiert\\\/#breadcrumb\",\"itemListElement\":[{\"@type\":\"ListItem\",\"position\":1,\"name\":\"Startseite\",\"item\":\"https:\\\/\\\/bcc.no\\\/de\\\/startseite\\\/\"},{\"@type\":\"ListItem\",\"position\":2,\"name\":\"H\u00e4ufige Fragen\",\"item\":\"https:\\\/\\\/bcc.no\\\/de\\\/faq\\\/\"},{\"@type\":\"ListItem\",\"position\":3,\"name\":\"Wie ist die Kinder- und Jugendarbeit organisiert?\"}]},{\"@type\":\"WebSite\",\"@id\":\"https:\\\/\\\/bcc.no\\\/de\\\/#website\",\"url\":\"https:\\\/\\\/bcc.no\\\/de\\\/\",\"name\":\"BCC\",\"description\":\"et internasjonalt trossamfunn\",\"publisher\":{\"@id\":\"https:\\\/\\\/bcc.no\\\/de\\\/#organization\"},\"potentialAction\":[{\"@type\":\"SearchAction\",\"target\":{\"@type\":\"EntryPoint\",\"urlTemplate\":\"https:\\\/\\\/bcc.no\\\/de\\\/?s={search_term_string}\"},\"query-input\":{\"@type\":\"PropertyValueSpecification\",\"valueRequired\":true,\"valueName\":\"search_term_string\"}}],\"inLanguage\":\"de\"},{\"@type\":\"Organization\",\"@id\":\"https:\\\/\\\/bcc.no\\\/de\\\/#organization\",\"name\":\"BCC\",\"url\":\"https:\\\/\\\/bcc.no\\\/de\\\/\",\"logo\":{\"@type\":\"ImageObject\",\"inLanguage\":\"de\",\"@id\":\"https:\\\/\\\/bcc.no\\\/de\\\/#\\\/schema\\\/logo\\\/image\\\/\",\"url\":\"https:\\\/\\\/bcc.no\\\/wp-content\\\/uploads\\\/2026\\\/04\\\/bcc_logo_full.svg\",\"contentUrl\":\"https:\\\/\\\/bcc.no\\\/wp-content\\\/uploads\\\/2026\\\/04\\\/bcc_logo_full.svg\",\"caption\":\"BCC\"},\"image\":{\"@id\":\"https:\\\/\\\/bcc.no\\\/de\\\/#\\\/schema\\\/logo\\\/image\\\/\"}}]}<\/script>\n<!-- \/ Yoast SEO plugin. -->","yoast_head_json":{"title":"Wie ist die Kinder- und Jugendarbeit organisiert? - BCC","robots":{"index":"index","follow":"follow","max-snippet":"max-snippet:-1","max-image-preview":"max-image-preview:large","max-video-preview":"max-video-preview:-1"},"canonical":"https:\/\/bcc.no\/de\/faq\/wie-ist-die-kinder-und-jugendarbeit-organisiert\/","og_locale":"de_DE","og_type":"article","og_title":"Wie ist die Kinder- und Jugendarbeit organisiert? - BCC","og_description":"Das ist von Land zu Land etwas unterschiedlich. In der Regel sind jedoch Kindergottesdienste, Jugendgottesdienste und Bibelunterricht als Teil von BCC als Glaubensgemeinschaft organisiert. Viele Jugendliche und Erwachsene investieren ihre Freizeit, um Aktivit\u00e4ten zu organisieren und gute Vorbilder f\u00fcr die J\u00fcngeren zu sein. Das st\u00e4rkt die Gemeinschaft \u00fcber Generationen hinweg. Dem BCC-Verbund sind mehrere Kinder [&hellip;]","og_url":"https:\/\/bcc.no\/de\/faq\/wie-ist-die-kinder-und-jugendarbeit-organisiert\/","og_site_name":"BCC","article_modified_time":"2026-08-24T09:08:22+00:00","twitter_card":"summary_large_image","schema":{"@context":"https:\/\/schema.org","@graph":[{"@type":"WebPage","@id":"https:\/\/bcc.no\/de\/faq\/wie-ist-die-kinder-und-jugendarbeit-organisiert\/","url":"https:\/\/bcc.no\/de\/faq\/wie-ist-die-kinder-und-jugendarbeit-organisiert\/","name":"Wie ist die Kinder- und Jugendarbeit organisiert? - BCC","isPartOf":{"@id":"https:\/\/bcc.no\/de\/#website"},"primaryImageOfPage":{"@id":"https:\/\/bcc.no\/de\/faq\/wie-ist-die-kinder-und-jugendarbeit-organisiert\/#primaryimage"},"image":{"@id":"https:\/\/bcc.no\/de\/faq\/wie-ist-die-kinder-und-jugendarbeit-organisiert\/#primaryimage"},"thumbnailUrl":"https:\/\/bcc.no\/wp-content\/uploads\/2026\/02\/faq-thumbnail.svg","datePublished":"2025-10-07T15:29:59+00:00","dateModified":"2026-08-24T09:08:22+00:00","breadcrumb":{"@id":"https:\/\/bcc.no\/de\/faq\/wie-ist-die-kinder-und-jugendarbeit-organisiert\/#breadcrumb"},"inLanguage":"de","potentialAction":[{"@type":"ReadAction","target":["https:\/\/bcc.no\/de\/faq\/wie-ist-die-kinder-und-jugendarbeit-organisiert\/"]}]},{"@type":"ImageObject","inLanguage":"de","@id":"https:\/\/bcc.no\/de\/faq\/wie-ist-die-kinder-und-jugendarbeit-organisiert\/#primaryimage","url":"https:\/\/bcc.no\/wp-content\/uploads\/2026\/02\/faq-thumbnail.svg","contentUrl":"https:\/\/bcc.no\/wp-content\/uploads\/2026\/02\/faq-thumbnail.svg","width":110,"height":110},{"@type":"BreadcrumbList","@id":"https:\/\/bcc.no\/de\/faq\/wie-ist-die-kinder-und-jugendarbeit-organisiert\/#breadcrumb","itemListElement":[{"@type":"ListItem","position":1,"name":"Startseite","item":"https:\/\/bcc.no\/de\/startseite\/"},{"@type":"ListItem","position":2,"name":"H\u00e4ufige Fragen","item":"https:\/\/bcc.no\/de\/faq\/"},{"@type":"ListItem","position":3,"name":"Wie ist die Kinder- und Jugendarbeit organisiert?"}]},{"@type":"WebSite","@id":"https:\/\/bcc.no\/de\/#website","url":"https:\/\/bcc.no\/de\/","name":"BCC","description":"et internasjonalt trossamfunn","publisher":{"@id":"https:\/\/bcc.no\/de\/#organization"},"potentialAction":[{"@type":"SearchAction","target":{"@type":"EntryPoint","urlTemplate":"https:\/\/bcc.no\/de\/?s={search_term_string}"},"query-input":{"@type":"PropertyValueSpecification","valueRequired":true,"valueName":"search_term_string"}}],"inLanguage":"de"},{"@type":"Organization","@id":"https:\/\/bcc.no\/de\/#organization","name":"BCC","url":"https:\/\/bcc.no\/de\/","logo":{"@type":"ImageObject","inLanguage":"de","@id":"https:\/\/bcc.no\/de\/#\/schema\/logo\/image\/","url":"https:\/\/bcc.no\/wp-content\/uploads\/2026\/04\/bcc_logo_full.svg","contentUrl":"https:\/\/bcc.no\/wp-content\/uploads\/2026\/04\/bcc_logo_full.svg","caption":"BCC"},"image":{"@id":"https:\/\/bcc.no\/de\/#\/schema\/logo\/image\/"}}]}},"uagb_featured_image_src":[],"uagb_author_info":{"display_name":"Anne Lea Krarup Nielsen","author_link":"https:\/\/bcc.no\/de\/author\/"},"uagb_comment_info":0,"uagb_excerpt":"Das ist von Land zu Land etwas unterschiedlich. In der Regel sind jedoch Kindergottesdienste, Jugendgottesdienste und Bibelunterricht als Teil von BCC als Glaubensgemeinschaft organisiert. Viele Jugendliche und Erwachsene investieren ihre Freizeit, um Aktivit\u00e4ten zu organisieren und gute Vorbilder f\u00fcr die J\u00fcngeren zu sein. Das st\u00e4rkt die Gemeinschaft \u00fcber Generationen hinweg. Dem BCC-Verbund sind mehrere Kinder&hellip;","_links":{"self":[{"href":"https:\/\/bcc.no\/de\/wp-json\/wp\/v2\/faq\/152288","targetHints":{"allow":["GET"]}}],"collection":[{"href":"https:\/\/bcc.no\/de\/wp-json\/wp\/v2\/faq"}],"about":[{"href":"https:\/\/bcc.no\/de\/wp-json\/wp\/v2\/types\/faq"}],"version-history":[{"count":1,"href":"https:\/\/bcc.no\/de\/wp-json\/wp\/v2\/faq\/152288\/revisions"}],"predecessor-version":[{"id":152289,"href":"https:\/\/bcc.no\/de\/wp-json\/wp\/v2\/faq\/152288\/revisions\/152289"}],"wp:featuredmedia":[{"embeddable":true,"href":"https:\/\/bcc.no\/de\/wp-json\/wp\/v2\/media\/144891"}],"wp:attachment":[{"href":"https:\/\/bcc.no\/de\/wp-json\/wp\/v2\/media?parent=152288"}],"wp:term":[{"taxonomy":"faq-kategori","embeddable":true,"href":"https:\/\/bcc.no\/de\/wp-json\/wp\/v2\/faq-kategori?post=152288"}],"curies":[{"name":"wp","href":"https:\/\/api.w.org\/{rel}","templated":true}]}}

<p class="wp-block-paragraph">Das ist von Land zu Land etwas unterschiedlich. In der Regel sind jedoch Kindergottesdienste, Jugendgottesdienste und Bibelunterricht als Teil von BCC als Glaubensgemeinschaft organisiert.</p>

<p class="wp-block-paragraph">Viele Jugendliche und Erwachsene investieren ihre Freizeit, um Aktivitäten zu organisieren und gute Vorbilder für die Jüngeren zu sein. Das stärkt die Gemeinschaft über Generationen hinweg.</p>

<p class="wp-block-paragraph">Dem BCC-Verbund sind mehrere Kinder – und Jugendvereine angeschlossen, die Freizeitaktivitäten und Sport anbieten. Wer als Mentor in einem Kinder- oder Jugendverein tätig sein möchte, muss ein polizeiliches Führungszeugnis vorlegen und einen Präventionskurs „Sichere Kinder“ absolvieren. </p>

<p class="wp-block-paragraph"></p>

<!-- This site is optimized with the Yoast SEO plugin v28.3 - https://yoast.com/product/yoast-seo-wordpress/ -->
<title>Wie ist die Kinder- und Jugendarbeit organisiert? - BCC</title>
<meta name="robots" content="index, follow, max-snippet:-1, max-image-preview:large, max-video-preview:-1" />
<link rel="canonical" href="https://bcc.no/de/faq/wie-ist-die-kinder-und-jugendarbeit-organisiert/" />
<meta property="og:locale" content="de_DE" />
<meta property="og:type" content="article" />
<meta property="og:title" content="Wie ist die Kinder- und Jugendarbeit organisiert? - BCC" />
<meta property="og:description" content="Das ist von Land zu Land etwas unterschiedlich. In der Regel sind jedoch Kindergottesdienste, Jugendgottesdienste und Bibelunterricht als Teil von BCC als Glaubensgemeinschaft organisiert. Viele Jugendliche und Erwachsene investieren ihre Freizeit, um Aktivitäten zu organisieren und gute Vorbilder für die Jüngeren zu sein. Das stärkt die Gemeinschaft über Generationen hinweg. Dem BCC-Verbund sind mehrere Kinder [&hellip;]" />
<meta property="og:url" content="https://bcc.no/de/faq/wie-ist-die-kinder-und-jugendarbeit-organisiert/" />
<meta property="og:site_name" content="BCC" />
<meta property="article:modified_time" content="2026-08-24T09:08:22+00:00" />
<meta name="twitter:card" content="summary_large_image" />
<script type="application/ld+json" class="yoast-schema-graph">{"@context":"https:\/\/schema.org","@graph":[{"@type":"WebPage","@id":"https:\/\/bcc.no\/de\/faq\/wie-ist-die-kinder-und-jugendarbeit-organisiert\/","url":"https:\/\/bcc.no\/de\/faq\/wie-ist-die-kinder-und-jugendarbeit-organisiert\/","name":"Wie ist die Kinder- und Jugendarbeit organisiert? - BCC","isPartOf":{"@id":"https:\/\/bcc.no\/de\/#website"},"primaryImageOfPage":{"@id":"https:\/\/bcc.no\/de\/faq\/wie-ist-die-kinder-und-jugendarbeit-organisiert\/#primaryimage"},"image":{"@id":"https:\/\/bcc.no\/de\/faq\/wie-ist-die-kinder-und-jugendarbeit-organisiert\/#primaryimage"},"thumbnailUrl":"https:\/\/bcc.no\/wp-content\/uploads\/2026\/02\/faq-thumbnail.svg","datePublished":"2025-10-07T15:29:59+00:00","dateModified":"2026-08-24T09:08:22+00:00","breadcrumb":{"@id":"https:\/\/bcc.no\/de\/faq\/wie-ist-die-kinder-und-jugendarbeit-organisiert\/#breadcrumb"},"inLanguage":"de","potentialAction":[{"@type":"ReadAction","target":["https:\/\/bcc.no\/de\/faq\/wie-ist-die-kinder-und-jugendarbeit-organisiert\/"]}]},{"@type":"ImageObject","inLanguage":"de","@id":"https:\/\/bcc.no\/de\/faq\/wie-ist-die-kinder-und-jugendarbeit-organisiert\/#primaryimage","url":"https:\/\/bcc.no\/wp-content\/uploads\/2026\/02\/faq-thumbnail.svg","contentUrl":"https:\/\/bcc.no\/wp-content\/uploads\/2026\/02\/faq-thumbnail.svg","width":110,"height":110},{"@type":"BreadcrumbList","@id":"https:\/\/bcc.no\/de\/faq\/wie-ist-die-kinder-und-jugendarbeit-organisiert\/#breadcrumb","itemListElement":[{"@type":"ListItem","position":1,"name":"Startseite","item":"https:\/\/bcc.no\/de\/startseite\/"},{"@type":"ListItem","position":2,"name":"Häufige Fragen","item":"https:\/\/bcc.no\/de\/faq\/"},{"@type":"ListItem","position":3,"name":"Wie ist die Kinder- und Jugendarbeit organisiert?"}]},{"@type":"WebSite","@id":"https:\/\/bcc.no\/de\/#website","url":"https:\/\/bcc.no\/de\/","name":"BCC","description":"et internasjonalt trossamfunn","publisher":{"@id":"https:\/\/bcc.no\/de\/#organization"},"potentialAction":[{"@type":"SearchAction","target":{"@type":"EntryPoint","urlTemplate":"https:\/\/bcc.no\/de\/?s={search_term_string}"},"query-input":{"@type":"PropertyValueSpecification","valueRequired":true,"valueName":"search_term_string"}}],"inLanguage":"de"},{"@type":"Organization","@id":"https:\/\/bcc.no\/de\/#organization","name":"BCC","url":"https:\/\/bcc.no\/de\/","logo":{"@type":"ImageObject","inLanguage":"de","@id":"https:\/\/bcc.no\/de\/#\/schema\/logo\/image\/","url":"https:\/\/bcc.no\/wp-content\/uploads\/2026\/04\/bcc_logo_full.svg","contentUrl":"https:\/\/bcc.no\/wp-content\/uploads\/2026\/04\/bcc_logo_full.svg","caption":"BCC"},"image":{"@id":"https:\/\/bcc.no\/de\/#\/schema\/logo\/image\/"}}]}</script>
<!-- / Yoast SEO plugin. -->

Das ist von Land zu Land etwas unterschiedlich. In der Regel sind jedoch Kindergottesdienste, Jugendgottesdienste und Bibelunterricht als Teil von BCC als Glaubensgemeinschaft organisiert. Viele Jugendliche und Erwachsene investieren ihre Freizeit, um Aktivitäten zu organisieren und gute Vorbilder für die Jüngeren zu sein. Das stärkt die Gemeinschaft über Generationen hinweg. Dem BCC-Verbund sind mehrere Kinder [&hellip;]

Häufige Fragen

Das ist von Land zu Land etwas unterschiedlich. In der Regel sind jedoch Kindergottesdienste, Jugendgottesdienste und Bibelunterricht als Teil von BCC als Glaubensgemeinschaft organisiert. Viele Jugendliche und Erwachsene investieren ihre Freizeit, um Aktivitäten zu organisieren und gute Vorbilder für die Jüngeren zu sein. Das stärkt die Gemeinschaft über Generationen hinweg. Dem BCC-Verbund sind mehrere Kinder&hellip;
