{"id":152265,"date":"2025-12-18T13:21:04","date_gmt":"2025-12-18T12:21:04","guid":{"rendered":"https:\/\/bcc.no\/faq\/was-kostet-die-teilnahme-an-konferenzen\/"},"modified":"2026-08-31T16:24:37","modified_gmt":"2026-08-31T15:24:37","slug":"was-kostet-die-teilnahme-an-konferenzen","status":"publish","type":"faq","link":"https:\/\/bcc.no\/de\/faq\/was-kostet-die-teilnahme-an-konferenzen\/","title":{"rendered":"Was kostet die Teilnahme an Konferenzen?"},"content":{"rendered":"\n<p class=\"wp-block-paragraph\">Die Teilnahme an Konferenzen, sowohl an den Gottesdiensten als auch an dem dar\u00fcber hinaus angebotenen Rahmenprogramm einschlie\u00dflich der Verpflegung wird durch das Spendenmodell gedeckt. Es fallen daher bei den einzelnen Konferenzen keine Teilnahmegeb\u00fchren mehr an. Das gilt sowohl f\u00fcr die digitale Teilnahme als auch f\u00fcr die Teilnahme vor Ort.<\/p>\n\n\n\n<p class=\"wp-block-paragraph\">Da die Konferenzen mehrere Tage dauern und Teilnehmende aus aller Welt zusammenkommen, ist das Programm so gestaltet, dass alle, die in Norwegen vor Ort teilnehmen, auch die \u00dcbernachtungsm\u00f6glichkeiten auf Brunstad nutzen. Zur Organisation der Unterbringung wurde eine Genossenschaft gegr\u00fcndet, die unter anderem 20-j\u00e4hrige Vereinbarungen zu diesem Zweck anbietet.  <\/p>\n\n\n\n<p class=\"wp-block-paragraph\">Weitere Informationen zu den Hintergr\u00fcnden und Kosten findest du in den untenstehenden Links.<\/p>\n\n\n\n<p class=\"wp-block-paragraph\"><\/p>\n","protected":false},"template":"","meta":{"_acf_changed":false,"inline_featured_image":false,"_uag_custom_page_level_css":"","footnotes":"","_links_to":"","_links_to_target":""},"faq-kategori":[4100],"class_list":["post-152265","faq","type-faq","status-publish","has-post-thumbnail","hentry","faq-kategori-gottesdienste-und-konferenzen"],"acf":{"related_links":[{"title_and_link":{"title":"How we pay for accommodation during conferences","url":"https:\/\/bcc.no\/en\/how-we-pay-for-accommodation-during-conferences\/","target":""}},{"title_and_link":{"title":"Samvirk.com","url":"https:\/\/samvirk.com\/","target":"_blank"}}],"click_count":27,"rss_image":null},"yoast_head":"<!-- This site is optimized with the Yoast SEO plugin v28.3 - https:\/\/yoast.com\/product\/yoast-seo-wordpress\/ -->\n<title>Was kostet die Teilnahme an Konferenzen? - BCC<\/title>\n<meta name=\"robots\" content=\"index, follow, max-snippet:-1, max-image-preview:large, max-video-preview:-1\" \/>\n<link rel=\"canonical\" href=\"https:\/\/bcc.no\/de\/faq\/was-kostet-die-teilnahme-an-konferenzen\/\" \/>\n<meta property=\"og:locale\" content=\"de_DE\" \/>\n<meta property=\"og:type\" content=\"article\" \/>\n<meta property=\"og:title\" content=\"Was kostet die Teilnahme an Konferenzen? - BCC\" \/>\n<meta property=\"og:description\" content=\"Die Teilnahme an Konferenzen, sowohl an den Gottesdiensten als auch an dem dar\u00fcber hinaus angebotenen Rahmenprogramm einschlie\u00dflich der Verpflegung wird durch das Spendenmodell gedeckt. Es fallen daher bei den einzelnen Konferenzen keine Teilnahmegeb\u00fchren mehr an. Das gilt sowohl f\u00fcr die digitale Teilnahme als auch f\u00fcr die Teilnahme vor Ort. Da die Konferenzen mehrere Tage dauern [&hellip;]\" \/>\n<meta property=\"og:url\" content=\"https:\/\/bcc.no\/de\/faq\/was-kostet-die-teilnahme-an-konferenzen\/\" \/>\n<meta property=\"og:site_name\" content=\"BCC\" \/>\n<meta property=\"article:modified_time\" content=\"2026-08-31T15:24:37+00:00\" \/>\n<meta name=\"twitter:card\" content=\"summary_large_image\" \/>\n<meta name=\"twitter:label1\" content=\"Gesch\u00e4tzte Lesezeit\" \/>\n\t<meta name=\"twitter:data1\" content=\"1\u00a0Minute\" \/>\n<script type=\"application\/ld+json\" class=\"yoast-schema-graph\">{\"@context\":\"https:\\\/\\\/schema.org\",\"@graph\":[{\"@type\":\"WebPage\",\"@id\":\"https:\\\/\\\/bcc.no\\\/de\\\/faq\\\/was-kostet-die-teilnahme-an-konferenzen\\\/\",\"url\":\"https:\\\/\\\/bcc.no\\\/de\\\/faq\\\/was-kostet-die-teilnahme-an-konferenzen\\\/\",\"name\":\"Was kostet die Teilnahme an Konferenzen? - BCC\",\"isPartOf\":{\"@id\":\"https:\\\/\\\/bcc.no\\\/de\\\/#website\"},\"primaryImageOfPage\":{\"@id\":\"https:\\\/\\\/bcc.no\\\/de\\\/faq\\\/was-kostet-die-teilnahme-an-konferenzen\\\/#primaryimage\"},\"image\":{\"@id\":\"https:\\\/\\\/bcc.no\\\/de\\\/faq\\\/was-kostet-die-teilnahme-an-konferenzen\\\/#primaryimage\"},\"thumbnailUrl\":\"https:\\\/\\\/bcc.no\\\/wp-content\\\/uploads\\\/2026\\\/02\\\/faq-thumbnail.svg\",\"datePublished\":\"2025-12-18T12:21:04+00:00\",\"dateModified\":\"2026-08-31T15:24:37+00:00\",\"breadcrumb\":{\"@id\":\"https:\\\/\\\/bcc.no\\\/de\\\/faq\\\/was-kostet-die-teilnahme-an-konferenzen\\\/#breadcrumb\"},\"inLanguage\":\"de\",\"potentialAction\":[{\"@type\":\"ReadAction\",\"target\":[\"https:\\\/\\\/bcc.no\\\/de\\\/faq\\\/was-kostet-die-teilnahme-an-konferenzen\\\/\"]}]},{\"@type\":\"ImageObject\",\"inLanguage\":\"de\",\"@id\":\"https:\\\/\\\/bcc.no\\\/de\\\/faq\\\/was-kostet-die-teilnahme-an-konferenzen\\\/#primaryimage\",\"url\":\"https:\\\/\\\/bcc.no\\\/wp-content\\\/uploads\\\/2026\\\/02\\\/faq-thumbnail.svg\",\"contentUrl\":\"https:\\\/\\\/bcc.no\\\/wp-content\\\/uploads\\\/2026\\\/02\\\/faq-thumbnail.svg\",\"width\":110,\"height\":110},{\"@type\":\"BreadcrumbList\",\"@id\":\"https:\\\/\\\/bcc.no\\\/de\\\/faq\\\/was-kostet-die-teilnahme-an-konferenzen\\\/#breadcrumb\",\"itemListElement\":[{\"@type\":\"ListItem\",\"position\":1,\"name\":\"Startseite\",\"item\":\"https:\\\/\\\/bcc.no\\\/de\\\/startseite\\\/\"},{\"@type\":\"ListItem\",\"position\":2,\"name\":\"H\u00e4ufige Fragen\",\"item\":\"https:\\\/\\\/bcc.no\\\/de\\\/faq\\\/\"},{\"@type\":\"ListItem\",\"position\":3,\"name\":\"Gottesdienste und Konferenzen\",\"item\":\"https:\\\/\\\/bcc.no\\\/de\\\/faq-kategori\\\/gottesdienste-und-konferenzen\\\/\"},{\"@type\":\"ListItem\",\"position\":4,\"name\":\"Was kostet die Teilnahme an Konferenzen?\"}]},{\"@type\":\"WebSite\",\"@id\":\"https:\\\/\\\/bcc.no\\\/de\\\/#website\",\"url\":\"https:\\\/\\\/bcc.no\\\/de\\\/\",\"name\":\"BCC\",\"description\":\"et internasjonalt trossamfunn\",\"publisher\":{\"@id\":\"https:\\\/\\\/bcc.no\\\/de\\\/#organization\"},\"potentialAction\":[{\"@type\":\"SearchAction\",\"target\":{\"@type\":\"EntryPoint\",\"urlTemplate\":\"https:\\\/\\\/bcc.no\\\/de\\\/?s={search_term_string}\"},\"query-input\":{\"@type\":\"PropertyValueSpecification\",\"valueRequired\":true,\"valueName\":\"search_term_string\"}}],\"inLanguage\":\"de\"},{\"@type\":\"Organization\",\"@id\":\"https:\\\/\\\/bcc.no\\\/de\\\/#organization\",\"name\":\"BCC\",\"url\":\"https:\\\/\\\/bcc.no\\\/de\\\/\",\"logo\":{\"@type\":\"ImageObject\",\"inLanguage\":\"de\",\"@id\":\"https:\\\/\\\/bcc.no\\\/de\\\/#\\\/schema\\\/logo\\\/image\\\/\",\"url\":\"https:\\\/\\\/bcc.no\\\/wp-content\\\/uploads\\\/2026\\\/04\\\/bcc_logo_full.svg\",\"contentUrl\":\"https:\\\/\\\/bcc.no\\\/wp-content\\\/uploads\\\/2026\\\/04\\\/bcc_logo_full.svg\",\"caption\":\"BCC\"},\"image\":{\"@id\":\"https:\\\/\\\/bcc.no\\\/de\\\/#\\\/schema\\\/logo\\\/image\\\/\"}}]}<\/script>\n<!-- \/ Yoast SEO plugin. -->","yoast_head_json":{"title":"Was kostet die Teilnahme an Konferenzen? - BCC","robots":{"index":"index","follow":"follow","max-snippet":"max-snippet:-1","max-image-preview":"max-image-preview:large","max-video-preview":"max-video-preview:-1"},"canonical":"https:\/\/bcc.no\/de\/faq\/was-kostet-die-teilnahme-an-konferenzen\/","og_locale":"de_DE","og_type":"article","og_title":"Was kostet die Teilnahme an Konferenzen? - BCC","og_description":"Die Teilnahme an Konferenzen, sowohl an den Gottesdiensten als auch an dem dar\u00fcber hinaus angebotenen Rahmenprogramm einschlie\u00dflich der Verpflegung wird durch das Spendenmodell gedeckt. Es fallen daher bei den einzelnen Konferenzen keine Teilnahmegeb\u00fchren mehr an. Das gilt sowohl f\u00fcr die digitale Teilnahme als auch f\u00fcr die Teilnahme vor Ort. Da die Konferenzen mehrere Tage dauern [&hellip;]","og_url":"https:\/\/bcc.no\/de\/faq\/was-kostet-die-teilnahme-an-konferenzen\/","og_site_name":"BCC","article_modified_time":"2026-08-31T15:24:37+00:00","twitter_card":"summary_large_image","twitter_misc":{"Gesch\u00e4tzte Lesezeit":"1\u00a0Minute"},"schema":{"@context":"https:\/\/schema.org","@graph":[{"@type":"WebPage","@id":"https:\/\/bcc.no\/de\/faq\/was-kostet-die-teilnahme-an-konferenzen\/","url":"https:\/\/bcc.no\/de\/faq\/was-kostet-die-teilnahme-an-konferenzen\/","name":"Was kostet die Teilnahme an Konferenzen? - BCC","isPartOf":{"@id":"https:\/\/bcc.no\/de\/#website"},"primaryImageOfPage":{"@id":"https:\/\/bcc.no\/de\/faq\/was-kostet-die-teilnahme-an-konferenzen\/#primaryimage"},"image":{"@id":"https:\/\/bcc.no\/de\/faq\/was-kostet-die-teilnahme-an-konferenzen\/#primaryimage"},"thumbnailUrl":"https:\/\/bcc.no\/wp-content\/uploads\/2026\/02\/faq-thumbnail.svg","datePublished":"2025-12-18T12:21:04+00:00","dateModified":"2026-08-31T15:24:37+00:00","breadcrumb":{"@id":"https:\/\/bcc.no\/de\/faq\/was-kostet-die-teilnahme-an-konferenzen\/#breadcrumb"},"inLanguage":"de","potentialAction":[{"@type":"ReadAction","target":["https:\/\/bcc.no\/de\/faq\/was-kostet-die-teilnahme-an-konferenzen\/"]}]},{"@type":"ImageObject","inLanguage":"de","@id":"https:\/\/bcc.no\/de\/faq\/was-kostet-die-teilnahme-an-konferenzen\/#primaryimage","url":"https:\/\/bcc.no\/wp-content\/uploads\/2026\/02\/faq-thumbnail.svg","contentUrl":"https:\/\/bcc.no\/wp-content\/uploads\/2026\/02\/faq-thumbnail.svg","width":110,"height":110},{"@type":"BreadcrumbList","@id":"https:\/\/bcc.no\/de\/faq\/was-kostet-die-teilnahme-an-konferenzen\/#breadcrumb","itemListElement":[{"@type":"ListItem","position":1,"name":"Startseite","item":"https:\/\/bcc.no\/de\/startseite\/"},{"@type":"ListItem","position":2,"name":"H\u00e4ufige Fragen","item":"https:\/\/bcc.no\/de\/faq\/"},{"@type":"ListItem","position":3,"name":"Gottesdienste und Konferenzen","item":"https:\/\/bcc.no\/de\/faq-kategori\/gottesdienste-und-konferenzen\/"},{"@type":"ListItem","position":4,"name":"Was kostet die Teilnahme an Konferenzen?"}]},{"@type":"WebSite","@id":"https:\/\/bcc.no\/de\/#website","url":"https:\/\/bcc.no\/de\/","name":"BCC","description":"et internasjonalt trossamfunn","publisher":{"@id":"https:\/\/bcc.no\/de\/#organization"},"potentialAction":[{"@type":"SearchAction","target":{"@type":"EntryPoint","urlTemplate":"https:\/\/bcc.no\/de\/?s={search_term_string}"},"query-input":{"@type":"PropertyValueSpecification","valueRequired":true,"valueName":"search_term_string"}}],"inLanguage":"de"},{"@type":"Organization","@id":"https:\/\/bcc.no\/de\/#organization","name":"BCC","url":"https:\/\/bcc.no\/de\/","logo":{"@type":"ImageObject","inLanguage":"de","@id":"https:\/\/bcc.no\/de\/#\/schema\/logo\/image\/","url":"https:\/\/bcc.no\/wp-content\/uploads\/2026\/04\/bcc_logo_full.svg","contentUrl":"https:\/\/bcc.no\/wp-content\/uploads\/2026\/04\/bcc_logo_full.svg","caption":"BCC"},"image":{"@id":"https:\/\/bcc.no\/de\/#\/schema\/logo\/image\/"}}]}},"uagb_featured_image_src":[],"uagb_author_info":{"display_name":"Anne Lea Krarup Nielsen","author_link":"https:\/\/bcc.no\/de\/author\/"},"uagb_comment_info":0,"uagb_excerpt":"Die Teilnahme an Konferenzen, sowohl an den Gottesdiensten als auch an dem dar\u00fcber hinaus angebotenen Rahmenprogramm einschlie\u00dflich der Verpflegung wird durch das Spendenmodell gedeckt. Es fallen daher bei den einzelnen Konferenzen keine Teilnahmegeb\u00fchren mehr an. Das gilt sowohl f\u00fcr die digitale Teilnahme als auch f\u00fcr die Teilnahme vor Ort. Da die Konferenzen mehrere Tage dauern&hellip;","_links":{"self":[{"href":"https:\/\/bcc.no\/de\/wp-json\/wp\/v2\/faq\/152265","targetHints":{"allow":["GET"]}}],"collection":[{"href":"https:\/\/bcc.no\/de\/wp-json\/wp\/v2\/faq"}],"about":[{"href":"https:\/\/bcc.no\/de\/wp-json\/wp\/v2\/types\/faq"}],"version-history":[{"count":4,"href":"https:\/\/bcc.no\/de\/wp-json\/wp\/v2\/faq\/152265\/revisions"}],"predecessor-version":[{"id":152574,"href":"https:\/\/bcc.no\/de\/wp-json\/wp\/v2\/faq\/152265\/revisions\/152574"}],"wp:featuredmedia":[{"embeddable":true,"href":"https:\/\/bcc.no\/de\/wp-json\/wp\/v2\/media\/144891"}],"wp:attachment":[{"href":"https:\/\/bcc.no\/de\/wp-json\/wp\/v2\/media?parent=152265"}],"wp:term":[{"taxonomy":"faq-kategori","embeddable":true,"href":"https:\/\/bcc.no\/de\/wp-json\/wp\/v2\/faq-kategori?post=152265"}],"curies":[{"name":"wp","href":"https:\/\/api.w.org\/{rel}","templated":true}]}}

<p class="wp-block-paragraph">Die Teilnahme an Konferenzen, sowohl an den Gottesdiensten als auch an dem darüber hinaus angebotenen Rahmenprogramm einschließlich der Verpflegung wird durch das Spendenmodell gedeckt. Es fallen daher bei den einzelnen Konferenzen keine Teilnahmegebühren mehr an. Das gilt sowohl für die digitale Teilnahme als auch für die Teilnahme vor Ort.</p>



<p class="wp-block-paragraph">Da die Konferenzen mehrere Tage dauern und Teilnehmende aus aller Welt zusammenkommen, ist das Programm so gestaltet, dass alle, die in Norwegen vor Ort teilnehmen, auch die Übernachtungsmöglichkeiten auf Brunstad nutzen. Zur Organisation der Unterbringung wurde eine Genossenschaft gegründet, die unter anderem 20-jährige Vereinbarungen zu diesem Zweck anbietet.  </p>



<p class="wp-block-paragraph">Weitere Informationen zu den Hintergründen und Kosten findest du in den untenstehenden Links.</p>



<p class="wp-block-paragraph"></p>

<!-- This site is optimized with the Yoast SEO plugin v28.3 - https://yoast.com/product/yoast-seo-wordpress/ -->
<title>Was kostet die Teilnahme an Konferenzen? - BCC</title>
<meta name="robots" content="index, follow, max-snippet:-1, max-image-preview:large, max-video-preview:-1" />
<link rel="canonical" href="https://bcc.no/de/faq/was-kostet-die-teilnahme-an-konferenzen/" />
<meta property="og:locale" content="de_DE" />
<meta property="og:type" content="article" />
<meta property="og:title" content="Was kostet die Teilnahme an Konferenzen? - BCC" />
<meta property="og:description" content="Die Teilnahme an Konferenzen, sowohl an den Gottesdiensten als auch an dem darüber hinaus angebotenen Rahmenprogramm einschließlich der Verpflegung wird durch das Spendenmodell gedeckt. Es fallen daher bei den einzelnen Konferenzen keine Teilnahmegebühren mehr an. Das gilt sowohl für die digitale Teilnahme als auch für die Teilnahme vor Ort. Da die Konferenzen mehrere Tage dauern [&hellip;]" />
<meta property="og:url" content="https://bcc.no/de/faq/was-kostet-die-teilnahme-an-konferenzen/" />
<meta property="og:site_name" content="BCC" />
<meta property="article:modified_time" content="2026-08-31T15:24:37+00:00" />
<meta name="twitter:card" content="summary_large_image" />
<meta name="twitter:label1" content="Geschätzte Lesezeit" />
	<meta name="twitter:data1" content="1 Minute" />
<script type="application/ld+json" class="yoast-schema-graph">{"@context":"https:\/\/schema.org","@graph":[{"@type":"WebPage","@id":"https:\/\/bcc.no\/de\/faq\/was-kostet-die-teilnahme-an-konferenzen\/","url":"https:\/\/bcc.no\/de\/faq\/was-kostet-die-teilnahme-an-konferenzen\/","name":"Was kostet die Teilnahme an Konferenzen? - BCC","isPartOf":{"@id":"https:\/\/bcc.no\/de\/#website"},"primaryImageOfPage":{"@id":"https:\/\/bcc.no\/de\/faq\/was-kostet-die-teilnahme-an-konferenzen\/#primaryimage"},"image":{"@id":"https:\/\/bcc.no\/de\/faq\/was-kostet-die-teilnahme-an-konferenzen\/#primaryimage"},"thumbnailUrl":"https:\/\/bcc.no\/wp-content\/uploads\/2026\/02\/faq-thumbnail.svg","datePublished":"2025-12-18T12:21:04+00:00","dateModified":"2026-08-31T15:24:37+00:00","breadcrumb":{"@id":"https:\/\/bcc.no\/de\/faq\/was-kostet-die-teilnahme-an-konferenzen\/#breadcrumb"},"inLanguage":"de","potentialAction":[{"@type":"ReadAction","target":["https:\/\/bcc.no\/de\/faq\/was-kostet-die-teilnahme-an-konferenzen\/"]}]},{"@type":"ImageObject","inLanguage":"de","@id":"https:\/\/bcc.no\/de\/faq\/was-kostet-die-teilnahme-an-konferenzen\/#primaryimage","url":"https:\/\/bcc.no\/wp-content\/uploads\/2026\/02\/faq-thumbnail.svg","contentUrl":"https:\/\/bcc.no\/wp-content\/uploads\/2026\/02\/faq-thumbnail.svg","width":110,"height":110},{"@type":"BreadcrumbList","@id":"https:\/\/bcc.no\/de\/faq\/was-kostet-die-teilnahme-an-konferenzen\/#breadcrumb","itemListElement":[{"@type":"ListItem","position":1,"name":"Startseite","item":"https:\/\/bcc.no\/de\/startseite\/"},{"@type":"ListItem","position":2,"name":"Häufige Fragen","item":"https:\/\/bcc.no\/de\/faq\/"},{"@type":"ListItem","position":3,"name":"Gottesdienste und Konferenzen","item":"https:\/\/bcc.no\/de\/faq-kategori\/gottesdienste-und-konferenzen\/"},{"@type":"ListItem","position":4,"name":"Was kostet die Teilnahme an Konferenzen?"}]},{"@type":"WebSite","@id":"https:\/\/bcc.no\/de\/#website","url":"https:\/\/bcc.no\/de\/","name":"BCC","description":"et internasjonalt trossamfunn","publisher":{"@id":"https:\/\/bcc.no\/de\/#organization"},"potentialAction":[{"@type":"SearchAction","target":{"@type":"EntryPoint","urlTemplate":"https:\/\/bcc.no\/de\/?s={search_term_string}"},"query-input":{"@type":"PropertyValueSpecification","valueRequired":true,"valueName":"search_term_string"}}],"inLanguage":"de"},{"@type":"Organization","@id":"https:\/\/bcc.no\/de\/#organization","name":"BCC","url":"https:\/\/bcc.no\/de\/","logo":{"@type":"ImageObject","inLanguage":"de","@id":"https:\/\/bcc.no\/de\/#\/schema\/logo\/image\/","url":"https:\/\/bcc.no\/wp-content\/uploads\/2026\/04\/bcc_logo_full.svg","contentUrl":"https:\/\/bcc.no\/wp-content\/uploads\/2026\/04\/bcc_logo_full.svg","caption":"BCC"},"image":{"@id":"https:\/\/bcc.no\/de\/#\/schema\/logo\/image\/"}}]}</script>
<!-- / Yoast SEO plugin. -->

Die Teilnahme an Konferenzen, sowohl an den Gottesdiensten als auch an dem darüber hinaus angebotenen Rahmenprogramm einschließlich der Verpflegung wird durch das Spendenmodell gedeckt. Es fallen daher bei den einzelnen Konferenzen keine Teilnahmegebühren mehr an. Das gilt sowohl für die digitale Teilnahme als auch für die Teilnahme vor Ort. Da die Konferenzen mehrere Tage dauern [&hellip;]

Häufige Fragen

Die Teilnahme an Konferenzen, sowohl an den Gottesdiensten als auch an dem darüber hinaus angebotenen Rahmenprogramm einschließlich der Verpflegung wird durch das Spendenmodell gedeckt. Es fallen daher bei den einzelnen Konferenzen keine Teilnahmegebühren mehr an. Das gilt sowohl für die digitale Teilnahme als auch für die Teilnahme vor Ort. Da die Konferenzen mehrere Tage dauern&hellip;
