{"id":152253,"date":"2025-10-07T16:18:06","date_gmt":"2025-10-07T15:18:06","guid":{"rendered":"https:\/\/bcc.no\/faq\/wie-wird-das-abendmahl-in-der-bcc-praktiziert\/"},"modified":"2026-08-24T08:17:41","modified_gmt":"2026-08-24T07:17:41","slug":"wie-wird-das-abendmahl-in-der-bcc-praktiziert","status":"publish","type":"faq","link":"https:\/\/bcc.no\/de\/faq\/wie-wird-das-abendmahl-in-der-bcc-praktiziert\/","title":{"rendered":"Wie wird das Abendmahl in der BCC praktiziert?"},"content":{"rendered":"\n<p class=\"wp-block-paragraph\">Das Abendmahl bezeichnen wir h\u00e4ufig auch als \u2018Brotbrechen\u2019.<\/p>\n\n<p class=\"wp-block-paragraph\">Wir verstehen das Abendmahl als symbolisches Mahl, das zugleich von der geistlichen Gegenwart Jesu unter seinen J\u00fcngern gepr\u00e4gt ist.<br\/> Jesus setzte das Abendmahl zum Ged\u00e4chtnis an sein Leben, sein Leiden und seinen Tod ein; Brot und Wein sind Symbole f\u00fcr den Leib und das Blut Christi. Das Mahl erinnert den Gl\u00e4ubigen daran, mit reinem Gewissen, in Liebe und im Gehorsam gegen\u00fcber Christus zu leben. Dabei soll sich jeder selbst pr\u00fcfen, wie Paulus in 1. Kor. 11,28\u201329 schreibt.    <\/p>\n\n<p class=\"wp-block-paragraph\">Das Abendmahl ist zugleich ein Liebesmahl, das die Gemeinschaft der Gl\u00e4ubigen st\u00e4rkt, die in Einheit, Dankbarkeit und Gemeinschaft Brot und Wein teilen.<\/p>\n","protected":false},"template":"","meta":{"_acf_changed":false,"inline_featured_image":false,"_uag_custom_page_level_css":"","footnotes":"","_links_to":"","_links_to_target":""},"faq-kategori":[4099],"class_list":["post-152253","faq","type-faq","status-publish","has-post-thumbnail","hentry","faq-kategori-glauben-und-lehre"],"acf":{"related_links":null,"click_count":29,"rss_image":null},"yoast_head":"<!-- This site is optimized with the Yoast SEO plugin v28.3 - https:\/\/yoast.com\/product\/yoast-seo-wordpress\/ -->\n<title>Wie wird das Abendmahl in der BCC praktiziert? - BCC<\/title>\n<meta name=\"robots\" content=\"index, follow, max-snippet:-1, max-image-preview:large, max-video-preview:-1\" \/>\n<link rel=\"canonical\" href=\"https:\/\/bcc.no\/de\/faq\/wie-wird-das-abendmahl-in-der-bcc-praktiziert\/\" \/>\n<meta property=\"og:locale\" content=\"de_DE\" \/>\n<meta property=\"og:type\" content=\"article\" \/>\n<meta property=\"og:title\" content=\"Wie wird das Abendmahl in der BCC praktiziert? - BCC\" \/>\n<meta property=\"og:description\" content=\"Das Abendmahl bezeichnen wir h\u00e4ufig auch als \u2018Brotbrechen\u2019. Wir verstehen das Abendmahl als symbolisches Mahl, das zugleich von der geistlichen Gegenwart Jesu unter seinen J\u00fcngern gepr\u00e4gt ist. Jesus setzte das Abendmahl zum Ged\u00e4chtnis an sein Leben, sein Leiden und seinen Tod ein; Brot und Wein sind Symbole f\u00fcr den Leib und das Blut Christi. Das [&hellip;]\" \/>\n<meta property=\"og:url\" content=\"https:\/\/bcc.no\/de\/faq\/wie-wird-das-abendmahl-in-der-bcc-praktiziert\/\" \/>\n<meta property=\"og:site_name\" content=\"BCC\" \/>\n<meta property=\"article:modified_time\" content=\"2026-08-24T07:17:41+00:00\" \/>\n<meta name=\"twitter:card\" content=\"summary_large_image\" \/>\n<meta name=\"twitter:label1\" content=\"Gesch\u00e4tzte Lesezeit\" \/>\n\t<meta name=\"twitter:data1\" content=\"1\u00a0Minute\" \/>\n<script type=\"application\/ld+json\" class=\"yoast-schema-graph\">{\"@context\":\"https:\\\/\\\/schema.org\",\"@graph\":[{\"@type\":\"WebPage\",\"@id\":\"https:\\\/\\\/bcc.no\\\/de\\\/faq\\\/wie-wird-das-abendmahl-in-der-bcc-praktiziert\\\/\",\"url\":\"https:\\\/\\\/bcc.no\\\/de\\\/faq\\\/wie-wird-das-abendmahl-in-der-bcc-praktiziert\\\/\",\"name\":\"Wie wird das Abendmahl in der BCC praktiziert? - BCC\",\"isPartOf\":{\"@id\":\"https:\\\/\\\/bcc.no\\\/de\\\/#website\"},\"primaryImageOfPage\":{\"@id\":\"https:\\\/\\\/bcc.no\\\/de\\\/faq\\\/wie-wird-das-abendmahl-in-der-bcc-praktiziert\\\/#primaryimage\"},\"image\":{\"@id\":\"https:\\\/\\\/bcc.no\\\/de\\\/faq\\\/wie-wird-das-abendmahl-in-der-bcc-praktiziert\\\/#primaryimage\"},\"thumbnailUrl\":\"https:\\\/\\\/bcc.no\\\/wp-content\\\/uploads\\\/2026\\\/02\\\/faq-thumbnail.svg\",\"datePublished\":\"2025-10-07T15:18:06+00:00\",\"dateModified\":\"2026-08-24T07:17:41+00:00\",\"breadcrumb\":{\"@id\":\"https:\\\/\\\/bcc.no\\\/de\\\/faq\\\/wie-wird-das-abendmahl-in-der-bcc-praktiziert\\\/#breadcrumb\"},\"inLanguage\":\"de\",\"potentialAction\":[{\"@type\":\"ReadAction\",\"target\":[\"https:\\\/\\\/bcc.no\\\/de\\\/faq\\\/wie-wird-das-abendmahl-in-der-bcc-praktiziert\\\/\"]}]},{\"@type\":\"ImageObject\",\"inLanguage\":\"de\",\"@id\":\"https:\\\/\\\/bcc.no\\\/de\\\/faq\\\/wie-wird-das-abendmahl-in-der-bcc-praktiziert\\\/#primaryimage\",\"url\":\"https:\\\/\\\/bcc.no\\\/wp-content\\\/uploads\\\/2026\\\/02\\\/faq-thumbnail.svg\",\"contentUrl\":\"https:\\\/\\\/bcc.no\\\/wp-content\\\/uploads\\\/2026\\\/02\\\/faq-thumbnail.svg\",\"width\":110,\"height\":110},{\"@type\":\"BreadcrumbList\",\"@id\":\"https:\\\/\\\/bcc.no\\\/de\\\/faq\\\/wie-wird-das-abendmahl-in-der-bcc-praktiziert\\\/#breadcrumb\",\"itemListElement\":[{\"@type\":\"ListItem\",\"position\":1,\"name\":\"Startseite\",\"item\":\"https:\\\/\\\/bcc.no\\\/de\\\/startseite\\\/\"},{\"@type\":\"ListItem\",\"position\":2,\"name\":\"H\u00e4ufige Fragen\",\"item\":\"https:\\\/\\\/bcc.no\\\/de\\\/faq\\\/\"},{\"@type\":\"ListItem\",\"position\":3,\"name\":\"Wie wird das Abendmahl in der BCC praktiziert?\"}]},{\"@type\":\"WebSite\",\"@id\":\"https:\\\/\\\/bcc.no\\\/de\\\/#website\",\"url\":\"https:\\\/\\\/bcc.no\\\/de\\\/\",\"name\":\"BCC\",\"description\":\"et internasjonalt trossamfunn\",\"publisher\":{\"@id\":\"https:\\\/\\\/bcc.no\\\/de\\\/#organization\"},\"potentialAction\":[{\"@type\":\"SearchAction\",\"target\":{\"@type\":\"EntryPoint\",\"urlTemplate\":\"https:\\\/\\\/bcc.no\\\/de\\\/?s={search_term_string}\"},\"query-input\":{\"@type\":\"PropertyValueSpecification\",\"valueRequired\":true,\"valueName\":\"search_term_string\"}}],\"inLanguage\":\"de\"},{\"@type\":\"Organization\",\"@id\":\"https:\\\/\\\/bcc.no\\\/de\\\/#organization\",\"name\":\"BCC\",\"url\":\"https:\\\/\\\/bcc.no\\\/de\\\/\",\"logo\":{\"@type\":\"ImageObject\",\"inLanguage\":\"de\",\"@id\":\"https:\\\/\\\/bcc.no\\\/de\\\/#\\\/schema\\\/logo\\\/image\\\/\",\"url\":\"https:\\\/\\\/bcc.no\\\/wp-content\\\/uploads\\\/2026\\\/04\\\/bcc_logo_full.svg\",\"contentUrl\":\"https:\\\/\\\/bcc.no\\\/wp-content\\\/uploads\\\/2026\\\/04\\\/bcc_logo_full.svg\",\"caption\":\"BCC\"},\"image\":{\"@id\":\"https:\\\/\\\/bcc.no\\\/de\\\/#\\\/schema\\\/logo\\\/image\\\/\"}}]}<\/script>\n<!-- \/ Yoast SEO plugin. -->","yoast_head_json":{"title":"Wie wird das Abendmahl in der BCC praktiziert? - BCC","robots":{"index":"index","follow":"follow","max-snippet":"max-snippet:-1","max-image-preview":"max-image-preview:large","max-video-preview":"max-video-preview:-1"},"canonical":"https:\/\/bcc.no\/de\/faq\/wie-wird-das-abendmahl-in-der-bcc-praktiziert\/","og_locale":"de_DE","og_type":"article","og_title":"Wie wird das Abendmahl in der BCC praktiziert? - BCC","og_description":"Das Abendmahl bezeichnen wir h\u00e4ufig auch als \u2018Brotbrechen\u2019. Wir verstehen das Abendmahl als symbolisches Mahl, das zugleich von der geistlichen Gegenwart Jesu unter seinen J\u00fcngern gepr\u00e4gt ist. Jesus setzte das Abendmahl zum Ged\u00e4chtnis an sein Leben, sein Leiden und seinen Tod ein; Brot und Wein sind Symbole f\u00fcr den Leib und das Blut Christi. Das [&hellip;]","og_url":"https:\/\/bcc.no\/de\/faq\/wie-wird-das-abendmahl-in-der-bcc-praktiziert\/","og_site_name":"BCC","article_modified_time":"2026-08-24T07:17:41+00:00","twitter_card":"summary_large_image","twitter_misc":{"Gesch\u00e4tzte Lesezeit":"1\u00a0Minute"},"schema":{"@context":"https:\/\/schema.org","@graph":[{"@type":"WebPage","@id":"https:\/\/bcc.no\/de\/faq\/wie-wird-das-abendmahl-in-der-bcc-praktiziert\/","url":"https:\/\/bcc.no\/de\/faq\/wie-wird-das-abendmahl-in-der-bcc-praktiziert\/","name":"Wie wird das Abendmahl in der BCC praktiziert? - BCC","isPartOf":{"@id":"https:\/\/bcc.no\/de\/#website"},"primaryImageOfPage":{"@id":"https:\/\/bcc.no\/de\/faq\/wie-wird-das-abendmahl-in-der-bcc-praktiziert\/#primaryimage"},"image":{"@id":"https:\/\/bcc.no\/de\/faq\/wie-wird-das-abendmahl-in-der-bcc-praktiziert\/#primaryimage"},"thumbnailUrl":"https:\/\/bcc.no\/wp-content\/uploads\/2026\/02\/faq-thumbnail.svg","datePublished":"2025-10-07T15:18:06+00:00","dateModified":"2026-08-24T07:17:41+00:00","breadcrumb":{"@id":"https:\/\/bcc.no\/de\/faq\/wie-wird-das-abendmahl-in-der-bcc-praktiziert\/#breadcrumb"},"inLanguage":"de","potentialAction":[{"@type":"ReadAction","target":["https:\/\/bcc.no\/de\/faq\/wie-wird-das-abendmahl-in-der-bcc-praktiziert\/"]}]},{"@type":"ImageObject","inLanguage":"de","@id":"https:\/\/bcc.no\/de\/faq\/wie-wird-das-abendmahl-in-der-bcc-praktiziert\/#primaryimage","url":"https:\/\/bcc.no\/wp-content\/uploads\/2026\/02\/faq-thumbnail.svg","contentUrl":"https:\/\/bcc.no\/wp-content\/uploads\/2026\/02\/faq-thumbnail.svg","width":110,"height":110},{"@type":"BreadcrumbList","@id":"https:\/\/bcc.no\/de\/faq\/wie-wird-das-abendmahl-in-der-bcc-praktiziert\/#breadcrumb","itemListElement":[{"@type":"ListItem","position":1,"name":"Startseite","item":"https:\/\/bcc.no\/de\/startseite\/"},{"@type":"ListItem","position":2,"name":"H\u00e4ufige Fragen","item":"https:\/\/bcc.no\/de\/faq\/"},{"@type":"ListItem","position":3,"name":"Wie wird das Abendmahl in der BCC praktiziert?"}]},{"@type":"WebSite","@id":"https:\/\/bcc.no\/de\/#website","url":"https:\/\/bcc.no\/de\/","name":"BCC","description":"et internasjonalt trossamfunn","publisher":{"@id":"https:\/\/bcc.no\/de\/#organization"},"potentialAction":[{"@type":"SearchAction","target":{"@type":"EntryPoint","urlTemplate":"https:\/\/bcc.no\/de\/?s={search_term_string}"},"query-input":{"@type":"PropertyValueSpecification","valueRequired":true,"valueName":"search_term_string"}}],"inLanguage":"de"},{"@type":"Organization","@id":"https:\/\/bcc.no\/de\/#organization","name":"BCC","url":"https:\/\/bcc.no\/de\/","logo":{"@type":"ImageObject","inLanguage":"de","@id":"https:\/\/bcc.no\/de\/#\/schema\/logo\/image\/","url":"https:\/\/bcc.no\/wp-content\/uploads\/2026\/04\/bcc_logo_full.svg","contentUrl":"https:\/\/bcc.no\/wp-content\/uploads\/2026\/04\/bcc_logo_full.svg","caption":"BCC"},"image":{"@id":"https:\/\/bcc.no\/de\/#\/schema\/logo\/image\/"}}]}},"uagb_featured_image_src":[],"uagb_author_info":{"display_name":"Anne Lea Krarup Nielsen","author_link":"https:\/\/bcc.no\/de\/author\/"},"uagb_comment_info":0,"uagb_excerpt":"Das Abendmahl bezeichnen wir h\u00e4ufig auch als \u2018Brotbrechen\u2019. Wir verstehen das Abendmahl als symbolisches Mahl, das zugleich von der geistlichen Gegenwart Jesu unter seinen J\u00fcngern gepr\u00e4gt ist. Jesus setzte das Abendmahl zum Ged\u00e4chtnis an sein Leben, sein Leiden und seinen Tod ein; Brot und Wein sind Symbole f\u00fcr den Leib und das Blut Christi. Das&hellip;","_links":{"self":[{"href":"https:\/\/bcc.no\/de\/wp-json\/wp\/v2\/faq\/152253","targetHints":{"allow":["GET"]}}],"collection":[{"href":"https:\/\/bcc.no\/de\/wp-json\/wp\/v2\/faq"}],"about":[{"href":"https:\/\/bcc.no\/de\/wp-json\/wp\/v2\/types\/faq"}],"version-history":[{"count":1,"href":"https:\/\/bcc.no\/de\/wp-json\/wp\/v2\/faq\/152253\/revisions"}],"predecessor-version":[{"id":152254,"href":"https:\/\/bcc.no\/de\/wp-json\/wp\/v2\/faq\/152253\/revisions\/152254"}],"wp:featuredmedia":[{"embeddable":true,"href":"https:\/\/bcc.no\/de\/wp-json\/wp\/v2\/media\/144891"}],"wp:attachment":[{"href":"https:\/\/bcc.no\/de\/wp-json\/wp\/v2\/media?parent=152253"}],"wp:term":[{"taxonomy":"faq-kategori","embeddable":true,"href":"https:\/\/bcc.no\/de\/wp-json\/wp\/v2\/faq-kategori?post=152253"}],"curies":[{"name":"wp","href":"https:\/\/api.w.org\/{rel}","templated":true}]}}

<p class="wp-block-paragraph">Das Abendmahl bezeichnen wir häufig auch als ‘Brotbrechen’.</p>

<p class="wp-block-paragraph">Wir verstehen das Abendmahl als symbolisches Mahl, das zugleich von der geistlichen Gegenwart Jesu unter seinen Jüngern geprägt ist.<br/> Jesus setzte das Abendmahl zum Gedächtnis an sein Leben, sein Leiden und seinen Tod ein; Brot und Wein sind Symbole für den Leib und das Blut Christi. Das Mahl erinnert den Gläubigen daran, mit reinem Gewissen, in Liebe und im Gehorsam gegenüber Christus zu leben. Dabei soll sich jeder selbst prüfen, wie Paulus in 1. Kor. 11,28–29 schreibt.    </p>

<p class="wp-block-paragraph">Das Abendmahl ist zugleich ein Liebesmahl, das die Gemeinschaft der Gläubigen stärkt, die in Einheit, Dankbarkeit und Gemeinschaft Brot und Wein teilen.</p>

<!-- This site is optimized with the Yoast SEO plugin v28.3 - https://yoast.com/product/yoast-seo-wordpress/ -->
<title>Wie wird das Abendmahl in der BCC praktiziert? - BCC</title>
<meta name="robots" content="index, follow, max-snippet:-1, max-image-preview:large, max-video-preview:-1" />
<link rel="canonical" href="https://bcc.no/de/faq/wie-wird-das-abendmahl-in-der-bcc-praktiziert/" />
<meta property="og:locale" content="de_DE" />
<meta property="og:type" content="article" />
<meta property="og:title" content="Wie wird das Abendmahl in der BCC praktiziert? - BCC" />
<meta property="og:description" content="Das Abendmahl bezeichnen wir häufig auch als ‘Brotbrechen’. Wir verstehen das Abendmahl als symbolisches Mahl, das zugleich von der geistlichen Gegenwart Jesu unter seinen Jüngern geprägt ist. Jesus setzte das Abendmahl zum Gedächtnis an sein Leben, sein Leiden und seinen Tod ein; Brot und Wein sind Symbole für den Leib und das Blut Christi. Das [&hellip;]" />
<meta property="og:url" content="https://bcc.no/de/faq/wie-wird-das-abendmahl-in-der-bcc-praktiziert/" />
<meta property="og:site_name" content="BCC" />
<meta property="article:modified_time" content="2026-08-24T07:17:41+00:00" />
<meta name="twitter:card" content="summary_large_image" />
<meta name="twitter:label1" content="Geschätzte Lesezeit" />
	<meta name="twitter:data1" content="1 Minute" />
<script type="application/ld+json" class="yoast-schema-graph">{"@context":"https:\/\/schema.org","@graph":[{"@type":"WebPage","@id":"https:\/\/bcc.no\/de\/faq\/wie-wird-das-abendmahl-in-der-bcc-praktiziert\/","url":"https:\/\/bcc.no\/de\/faq\/wie-wird-das-abendmahl-in-der-bcc-praktiziert\/","name":"Wie wird das Abendmahl in der BCC praktiziert? - BCC","isPartOf":{"@id":"https:\/\/bcc.no\/de\/#website"},"primaryImageOfPage":{"@id":"https:\/\/bcc.no\/de\/faq\/wie-wird-das-abendmahl-in-der-bcc-praktiziert\/#primaryimage"},"image":{"@id":"https:\/\/bcc.no\/de\/faq\/wie-wird-das-abendmahl-in-der-bcc-praktiziert\/#primaryimage"},"thumbnailUrl":"https:\/\/bcc.no\/wp-content\/uploads\/2026\/02\/faq-thumbnail.svg","datePublished":"2025-10-07T15:18:06+00:00","dateModified":"2026-08-24T07:17:41+00:00","breadcrumb":{"@id":"https:\/\/bcc.no\/de\/faq\/wie-wird-das-abendmahl-in-der-bcc-praktiziert\/#breadcrumb"},"inLanguage":"de","potentialAction":[{"@type":"ReadAction","target":["https:\/\/bcc.no\/de\/faq\/wie-wird-das-abendmahl-in-der-bcc-praktiziert\/"]}]},{"@type":"ImageObject","inLanguage":"de","@id":"https:\/\/bcc.no\/de\/faq\/wie-wird-das-abendmahl-in-der-bcc-praktiziert\/#primaryimage","url":"https:\/\/bcc.no\/wp-content\/uploads\/2026\/02\/faq-thumbnail.svg","contentUrl":"https:\/\/bcc.no\/wp-content\/uploads\/2026\/02\/faq-thumbnail.svg","width":110,"height":110},{"@type":"BreadcrumbList","@id":"https:\/\/bcc.no\/de\/faq\/wie-wird-das-abendmahl-in-der-bcc-praktiziert\/#breadcrumb","itemListElement":[{"@type":"ListItem","position":1,"name":"Startseite","item":"https:\/\/bcc.no\/de\/startseite\/"},{"@type":"ListItem","position":2,"name":"Häufige Fragen","item":"https:\/\/bcc.no\/de\/faq\/"},{"@type":"ListItem","position":3,"name":"Wie wird das Abendmahl in der BCC praktiziert?"}]},{"@type":"WebSite","@id":"https:\/\/bcc.no\/de\/#website","url":"https:\/\/bcc.no\/de\/","name":"BCC","description":"et internasjonalt trossamfunn","publisher":{"@id":"https:\/\/bcc.no\/de\/#organization"},"potentialAction":[{"@type":"SearchAction","target":{"@type":"EntryPoint","urlTemplate":"https:\/\/bcc.no\/de\/?s={search_term_string}"},"query-input":{"@type":"PropertyValueSpecification","valueRequired":true,"valueName":"search_term_string"}}],"inLanguage":"de"},{"@type":"Organization","@id":"https:\/\/bcc.no\/de\/#organization","name":"BCC","url":"https:\/\/bcc.no\/de\/","logo":{"@type":"ImageObject","inLanguage":"de","@id":"https:\/\/bcc.no\/de\/#\/schema\/logo\/image\/","url":"https:\/\/bcc.no\/wp-content\/uploads\/2026\/04\/bcc_logo_full.svg","contentUrl":"https:\/\/bcc.no\/wp-content\/uploads\/2026\/04\/bcc_logo_full.svg","caption":"BCC"},"image":{"@id":"https:\/\/bcc.no\/de\/#\/schema\/logo\/image\/"}}]}</script>
<!-- / Yoast SEO plugin. -->

Das Abendmahl bezeichnen wir häufig auch als ‘Brotbrechen’. Wir verstehen das Abendmahl als symbolisches Mahl, das zugleich von der geistlichen Gegenwart Jesu unter seinen Jüngern geprägt ist. Jesus setzte das Abendmahl zum Gedächtnis an sein Leben, sein Leiden und seinen Tod ein; Brot und Wein sind Symbole für den Leib und das Blut Christi. Das [&hellip;]

Häufige Fragen

Das Abendmahl bezeichnen wir häufig auch als ‘Brotbrechen’. Wir verstehen das Abendmahl als symbolisches Mahl, das zugleich von der geistlichen Gegenwart Jesu unter seinen Jüngern geprägt ist. Jesus setzte das Abendmahl zum Gedächtnis an sein Leben, sein Leiden und seinen Tod ein; Brot und Wein sind Symbole für den Leib und das Blut Christi. Das&hellip;
