{"version":"1.0","provider_name":"BCC","provider_url":"https:\/\/bcc.no\/de\/","title":"Wie wird das Abendmahl in der BCC praktiziert? - BCC","type":"rich","width":600,"height":338,"html":"<blockquote class=\"wp-embedded-content\" data-secret=\"hza2djo7yo\"><a href=\"https:\/\/bcc.no\/de\/faq\/wie-wird-das-abendmahl-in-der-bcc-praktiziert\/\">Wie wird das Abendmahl in der BCC praktiziert?<\/a><\/blockquote><iframe sandbox=\"allow-scripts\" security=\"restricted\" src=\"https:\/\/bcc.no\/de\/faq\/wie-wird-das-abendmahl-in-der-bcc-praktiziert\/embed\/#?secret=hza2djo7yo\" width=\"600\" height=\"338\" title=\"&#8222;Wie wird das Abendmahl in der BCC praktiziert?&#8220; &#8212; BCC\" data-secret=\"hza2djo7yo\" frameborder=\"0\" marginwidth=\"0\" marginheight=\"0\" scrolling=\"no\" class=\"wp-embedded-content\"><\/iframe><script>\n\/*! This file is auto-generated *\/\n!function(d,l){\"use strict\";l.querySelector&&d.addEventListener&&\"undefined\"!=typeof URL&&(d.wp=d.wp||{},d.wp.receiveEmbedMessage||(d.wp.receiveEmbedMessage=function(e){var t=e.data;if((t||t.secret||t.message||t.value)&&!\/[^a-zA-Z0-9]\/.test(t.secret)){for(var s,r,n,a=l.querySelectorAll('iframe[data-secret=\"'+t.secret+'\"]'),o=l.querySelectorAll('blockquote[data-secret=\"'+t.secret+'\"]'),c=new RegExp(\"^https?:$\",\"i\"),i=0;i<o.length;i++)o[i].style.display=\"none\";for(i=0;i<a.length;i++)s=a[i],e.source===s.contentWindow&&(s.removeAttribute(\"style\"),\"height\"===t.message?(1e3<(r=parseInt(t.value,10))?r=1e3:~~r<200&&(r=200),s.height=r):\"link\"===t.message&&(r=new URL(s.getAttribute(\"src\")),n=new URL(t.value),c.test(n.protocol))&&n.host===r.host&&l.activeElement===s&&(d.top.location.href=t.value))}},d.addEventListener(\"message\",d.wp.receiveEmbedMessage,!1),l.addEventListener(\"DOMContentLoaded\",function(){for(var e,t,s=l.querySelectorAll(\"iframe.wp-embedded-content\"),r=0;r<s.length;r++)(t=(e=s[r]).getAttribute(\"data-secret\"))||(t=Math.random().toString(36).substring(2,12),e.src+=\"#?secret=\"+t,e.setAttribute(\"data-secret\",t)),e.contentWindow.postMessage({message:\"ready\",secret:t},\"*\")},!1)))}(window,document);\n\/\/# sourceURL=https:\/\/bcc.no\/wp-includes\/js\/wp-embed.min.js\n<\/script>\n","thumbnail_url":"https:\/\/bcc.no\/wp-content\/uploads\/2026\/02\/faq-thumbnail.svg","thumbnail_width":600,"thumbnail_height":600,"description":"Das Abendmahl bezeichnen wir h\u00e4ufig auch als \u2018Brotbrechen\u2019. Wir verstehen das Abendmahl als symbolisches Mahl, das zugleich von der geistlichen Gegenwart Jesu unter seinen J\u00fcngern gepr\u00e4gt ist. Jesus setzte das Abendmahl zum Ged\u00e4chtnis an sein Leben, sein Leiden und seinen Tod ein; Brot und Wein sind Symbole f\u00fcr den Leib und das Blut Christi. Das [&hellip;]"}

Das Abendmahl bezeichnen wir häufig auch als ‘Brotbrechen’. Wir verstehen das Abendmahl als symbolisches Mahl, das zugleich von der geistlichen Gegenwart Jesu unter seinen Jüngern geprägt ist. Jesus setzte das Abendmahl zum Gedächtnis an sein Leben, sein Leiden und seinen Tod ein; Brot und Wein sind Symbole für den Leib und das Blut Christi. Das [&hellip;]
